{"id":9974,"date":"2023-07-24T12:05:15","date_gmt":"2023-07-24T10:05:15","guid":{"rendered":"https:\/\/dom-polski.fr\/?post_type=product&#038;p=9974"},"modified":"2024-04-22T21:59:26","modified_gmt":"2024-04-22T19:59:26","slug":"boisson-instantanee-saveur-framboise-300-g-ekland","status":"publish","type":"product","link":"https:\/\/dom-polski.fr\/index.php\/product\/boisson-instantanee-saveur-framboise-300-g-ekland\/","title":{"rendered":"Boisson instantan\u00e9e saveur framboise 300 g Ekland"},"content":{"rendered":"<p>Ingr\u00e9dients : Sucre, glucose, sucre de canne (10 %), correcteur d&rsquo;acidit\u00e9 &#8211; acide citrique, extrait de th\u00e9 noir (0,5 %), jus de framboise (0,5 %) reconstitu\u00e9 \u00e0 partir de jus de framboise s\u00e9ch\u00e9, extrait d&rsquo;hibiscus, ar\u00f4me, vitamine C.<\/p>\n<p>Poids net : 300 g<\/p>\n","protected":false},"excerpt":{"rendered":"<p>Ingr\u00e9dients : Sucre, glucose, sucre de canne (10 %), correcteur d&rsquo;acidit\u00e9 &#8211; acide citrique, extrait de th\u00e9 noir (0,5 %), jus de framboise (0,5 %) reconstitu\u00e9 \u00e0 partir de jus <a class=\"more-link\" href=\"https:\/\/dom-polski.fr\/index.php\/product\/boisson-instantanee-saveur-framboise-300-g-ekland\/\">Afficher la suite \u2192<\/a><\/p>\n","protected":false},"featured_media":9975,"comment_status":"open","ping_status":"closed","template":"","meta":{"spay_email":"","jetpack_publicize_message":"","jetpack_is_tweetstorm":false},"aioseo_notices":[],"jetpack_publicize_connections":[],"jetpack_likes_enabled":false,"_links":{"self":[{"href":"https:\/\/dom-polski.fr\/index.php\/wp-json\/wp\/v2\/product\/9974"}],"collection":[{"href":"https:\/\/dom-polski.fr\/index.php\/wp-json\/wp\/v2\/product"}],"about":[{"href":"https:\/\/dom-polski.fr\/index.php\/wp-json\/wp\/v2\/types\/product"}],"replies":[{"embeddable":true,"href":"https:\/\/dom-polski.fr\/index.php\/wp-json\/wp\/v2\/comments?post=9974"}],"wp:featuredmedia":[{"embeddable":true,"href":"https:\/\/dom-polski.fr\/index.php\/wp-json\/wp\/v2\/media\/9975"}],"wp:attachment":[{"href":"https:\/\/dom-polski.fr\/index.php\/wp-json\/wp\/v2\/media?parent=9974"}],"curies":[{"name":"wp","href":"https:\/\/api.w.org\/{rel}","templated":true}]}}