{"id":9929,"date":"2023-07-24T09:36:39","date_gmt":"2023-07-24T07:36:39","guid":{"rendered":"https:\/\/dom-polski.fr\/?post_type=product&#038;p=9929"},"modified":"2023-07-24T09:36:40","modified_gmt":"2023-07-24T07:36:40","slug":"pot-a-fleurs-moyen-modele-lowicz","status":"publish","type":"product","link":"https:\/\/dom-polski.fr\/index.php\/product\/pot-a-fleurs-moyen-modele-lowicz\/","title":{"rendered":"Pot \u00e0 fleurs (moyen mod\u00e8le) Lowicz"},"content":{"rendered":"<p>Diam\u00e8tre : 10 cm<br \/>\nHauteur : 8 cm<\/p>\n<p>Mod\u00e8le : Lowicz blanc<\/p>\n","protected":false},"excerpt":{"rendered":"<p>Diam\u00e8tre : 10 cm Hauteur : 8 cm Mod\u00e8le : Lowicz blanc<\/p>\n","protected":false},"featured_media":9931,"comment_status":"open","ping_status":"closed","template":"","meta":{"spay_email":"","jetpack_publicize_message":"","jetpack_is_tweetstorm":false},"aioseo_notices":[],"jetpack_publicize_connections":[],"jetpack_likes_enabled":false,"_links":{"self":[{"href":"https:\/\/dom-polski.fr\/index.php\/wp-json\/wp\/v2\/product\/9929"}],"collection":[{"href":"https:\/\/dom-polski.fr\/index.php\/wp-json\/wp\/v2\/product"}],"about":[{"href":"https:\/\/dom-polski.fr\/index.php\/wp-json\/wp\/v2\/types\/product"}],"replies":[{"embeddable":true,"href":"https:\/\/dom-polski.fr\/index.php\/wp-json\/wp\/v2\/comments?post=9929"}],"wp:featuredmedia":[{"embeddable":true,"href":"https:\/\/dom-polski.fr\/index.php\/wp-json\/wp\/v2\/media\/9931"}],"wp:attachment":[{"href":"https:\/\/dom-polski.fr\/index.php\/wp-json\/wp\/v2\/media?parent=9929"}],"curies":[{"name":"wp","href":"https:\/\/api.w.org\/{rel}","templated":true}]}}