{"id":9776,"date":"2023-03-06T14:50:19","date_gmt":"2023-03-06T13:50:19","guid":{"rendered":"https:\/\/dom-polski.fr\/?post_type=product&#038;p=9776"},"modified":"2026-03-01T22:47:03","modified_gmt":"2026-03-01T21:47:03","slug":"baranek-agneau-pascal-400-g","status":"publish","type":"product","link":"https:\/\/dom-polski.fr\/index.php\/product\/baranek-agneau-pascal-400-g\/","title":{"rendered":"Baranek (agneau Pascal) 400 g"},"content":{"rendered":"<p>Produit disponible \u00e0 partir du mardi 19 mars 2024<br \/>\nMarque : Dan Cake<br \/>\nPoids : 400 G<br \/>\nIngr\u00e9dients : Sucre, farine de bl\u00e9, \u0153ufs, huile de colza, graisse de palme*, humectants : sorbitols, glyc\u00e9rol,, glucose, farine de riz, amidon de bl\u00e9, amidon de bl\u00e9, amidon, \u00e9mulsifiant : mono- et diclyc\u00e9rides d&rsquo;acides gras, agents devants : diphosphates, carbonates de sodium, sel, ar\u00f4me naturel, r\u00e9gulateur d&rsquo;acidit\u00e9 : ac\u00e9tates de sodium ,<br \/>\n* huile de palme certifi\u00e9e.<\/p>\n<p>Allerg\u00e8nes : Peut contenir des fruits \u00e0 coques et des produits laitiers.<\/p>\n","protected":false},"excerpt":{"rendered":"<p>Valeurs nutritionnelles pour 100 g :<br \/>\nEnergie-calories : 1673 kj\/447 kcal, mati\u00e8res grasses : 21 g, dont acides gras satur\u00e9s : 6,10 g, glucides : 61 g, dont sucres : 34 g, fibres alimentaires : 0 g, prot\u00e9ines : 5,80 g, sel : 0,93 g. <a class=\"more-link\" href=\"https:\/\/dom-polski.fr\/index.php\/product\/baranek-agneau-pascal-400-g\/\">Afficher la suite \u2192<\/a><\/p>\n","protected":false},"featured_media":9777,"comment_status":"open","ping_status":"closed","template":"","meta":{"spay_email":"","jetpack_publicize_message":"","jetpack_is_tweetstorm":false},"aioseo_notices":[],"jetpack_publicize_connections":[],"jetpack_likes_enabled":false,"_links":{"self":[{"href":"https:\/\/dom-polski.fr\/index.php\/wp-json\/wp\/v2\/product\/9776"}],"collection":[{"href":"https:\/\/dom-polski.fr\/index.php\/wp-json\/wp\/v2\/product"}],"about":[{"href":"https:\/\/dom-polski.fr\/index.php\/wp-json\/wp\/v2\/types\/product"}],"replies":[{"embeddable":true,"href":"https:\/\/dom-polski.fr\/index.php\/wp-json\/wp\/v2\/comments?post=9776"}],"wp:featuredmedia":[{"embeddable":true,"href":"https:\/\/dom-polski.fr\/index.php\/wp-json\/wp\/v2\/media\/9777"}],"wp:attachment":[{"href":"https:\/\/dom-polski.fr\/index.php\/wp-json\/wp\/v2\/media?parent=9776"}],"curies":[{"name":"wp","href":"https:\/\/api.w.org\/{rel}","templated":true}]}}