{"id":9757,"date":"2023-02-01T13:53:47","date_gmt":"2023-02-01T12:53:47","guid":{"rendered":"https:\/\/dom-polski.fr\/?post_type=product&#038;p=9757"},"modified":"2023-09-02T22:40:48","modified_gmt":"2023-09-02T20:40:48","slug":"pichet-de-lait-region-de-cabouche","status":"publish","type":"product","link":"https:\/\/dom-polski.fr\/index.php\/product\/pichet-de-lait-region-de-cabouche\/","title":{"rendered":"Pichet de lait &#8211; r\u00e9gion de Cabouche"},"content":{"rendered":"<p>Fait de porcelaine<br \/>\nR\u00e9gion : Cabouche<br \/>\nCapacit\u00e9 : 310 ml<br \/>\nHauteur : 10 cm<br \/>\nLave-vaisselle<br \/>\nPeut-\u00eatre utilis\u00e9 au micro-ondes<\/p>\n","protected":false},"excerpt":{"rendered":"<p>Fait de porcelaine R\u00e9gion : Cabouche Capacit\u00e9 : 310 ml Hauteur : 10 cm Lave-vaisselle Peut-\u00eatre utilis\u00e9 au micro-ondes<\/p>\n","protected":false},"featured_media":9759,"comment_status":"open","ping_status":"closed","template":"","meta":{"spay_email":"","jetpack_publicize_message":"","jetpack_is_tweetstorm":false},"aioseo_notices":[],"jetpack_publicize_connections":[],"jetpack_likes_enabled":false,"_links":{"self":[{"href":"https:\/\/dom-polski.fr\/index.php\/wp-json\/wp\/v2\/product\/9757"}],"collection":[{"href":"https:\/\/dom-polski.fr\/index.php\/wp-json\/wp\/v2\/product"}],"about":[{"href":"https:\/\/dom-polski.fr\/index.php\/wp-json\/wp\/v2\/types\/product"}],"replies":[{"embeddable":true,"href":"https:\/\/dom-polski.fr\/index.php\/wp-json\/wp\/v2\/comments?post=9757"}],"wp:featuredmedia":[{"embeddable":true,"href":"https:\/\/dom-polski.fr\/index.php\/wp-json\/wp\/v2\/media\/9759"}],"wp:attachment":[{"href":"https:\/\/dom-polski.fr\/index.php\/wp-json\/wp\/v2\/media?parent=9757"}],"curies":[{"name":"wp","href":"https:\/\/api.w.org\/{rel}","templated":true}]}}

Pichet de lait &#8211; région de Cabouche

<p>Fait de porcelaine<br />
Région : Cabouche<br />
Capacité : 310 ml<br />
Hauteur : 10 cm<br />
Lave-vaisselle<br />
Peut-être utilisé au micro-ondes</p>

<p>Fait de porcelaine Région : Cabouche Capacité : 310 ml Hauteur : 10 cm Lave-vaisselle Peut-être utilisé au micro-ondes</p>
