{"id":9706,"date":"2023-01-30T13:45:56","date_gmt":"2023-01-30T12:45:56","guid":{"rendered":"https:\/\/dom-polski.fr\/?post_type=product&#038;p=9706"},"modified":"2026-03-25T18:31:09","modified_gmt":"2026-03-25T17:31:09","slug":"plaque-de-chocolat-e-wedel-220-gr","status":"publish","type":"product","link":"https:\/\/dom-polski.fr\/index.php\/product\/plaque-de-chocolat-e-wedel-220-gr\/","title":{"rendered":"Plaque de chocolat E. Wedel 220 gr"},"content":{"rendered":"<p>Ingr\u00e9dients :<br \/>\nSucre, p\u00e2te de cacao, cacao maigre, beurre de cacao, mati\u00e8re grasse du lait, \u00e9mulsifiants (l\u00e9cithine de soja, E 476), sel, ar\u00f4me.\u00a0Solides de cacao minimum 50%.\u00a0<span class=\"goog-text-highlight\">PEUT CONTENIR DES ARACHIDES, DES FRUITS \u00c0 COQUE, DES C\u00c9R\u00c9ALES, DES OEUFS.<\/span><\/p>\n","protected":false},"excerpt":{"rendered":"<p>Ingr\u00e9dients : Sucre, p\u00e2te de cacao, cacao maigre, beurre de cacao, mati\u00e8re grasse du lait, \u00e9mulsifiants (l\u00e9cithine de soja, E 476), sel, ar\u00f4me.\u00a0Solides de cacao minimum 50%.\u00a0PEUT CONTENIR DES ARACHIDES, <a class=\"more-link\" href=\"https:\/\/dom-polski.fr\/index.php\/product\/plaque-de-chocolat-e-wedel-220-gr\/\">Afficher la suite \u2192<\/a><\/p>\n","protected":false},"featured_media":9707,"comment_status":"open","ping_status":"closed","template":"","meta":{"spay_email":"","jetpack_publicize_message":"","jetpack_is_tweetstorm":false},"aioseo_notices":[],"jetpack_publicize_connections":[],"jetpack_likes_enabled":false,"_links":{"self":[{"href":"https:\/\/dom-polski.fr\/index.php\/wp-json\/wp\/v2\/product\/9706"}],"collection":[{"href":"https:\/\/dom-polski.fr\/index.php\/wp-json\/wp\/v2\/product"}],"about":[{"href":"https:\/\/dom-polski.fr\/index.php\/wp-json\/wp\/v2\/types\/product"}],"replies":[{"embeddable":true,"href":"https:\/\/dom-polski.fr\/index.php\/wp-json\/wp\/v2\/comments?post=9706"}],"wp:featuredmedia":[{"embeddable":true,"href":"https:\/\/dom-polski.fr\/index.php\/wp-json\/wp\/v2\/media\/9707"}],"wp:attachment":[{"href":"https:\/\/dom-polski.fr\/index.php\/wp-json\/wp\/v2\/media?parent=9706"}],"curies":[{"name":"wp","href":"https:\/\/api.w.org\/{rel}","templated":true}]}}

<p>Ingrédients :<br />
Sucre, pâte de cacao, cacao maigre, beurre de cacao, matière grasse du lait, émulsifiants (lécithine de soja, E 476), sel, arôme. Solides de cacao minimum 50%. <span class="goog-text-highlight">PEUT CONTENIR DES ARACHIDES, DES FRUITS À COQUE, DES CÉRÉALES, DES OEUFS.</span></p>

<p>Ingrédients : Sucre, pâte de cacao, cacao maigre, beurre de cacao, matière grasse du lait, émulsifiants (lécithine de soja, E 476), sel, arôme. Solides de cacao minimum 50%. PEUT CONTENIR DES ARACHIDES, <a class="more-link" href="https://dom-polski.fr/index.php/product/plaque-de-chocolat-e-wedel-220-gr/">Afficher la suite →</a></p>
