{"id":9598,"date":"2022-11-28T16:21:05","date_gmt":"2022-11-28T15:21:05","guid":{"rendered":"https:\/\/dom-polski.fr\/?post_type=product&#038;p=9598"},"modified":"2023-07-03T14:23:01","modified_gmt":"2023-07-03T12:23:01","slug":"gaufrettes-au-chocolat-1-kg-wawel","status":"publish","type":"product","link":"https:\/\/dom-polski.fr\/index.php\/product\/gaufrettes-au-chocolat-1-kg-wawel\/","title":{"rendered":"Gaufrettes au chocolat 1 kg Wawel"},"content":{"rendered":"<p>Chocolat fourr\u00e9 au cacao et gaufrettes.<\/p>\n","protected":false},"excerpt":{"rendered":"<p>En plus du beurre de cacao, le chocolat contient des graisses v\u00e9g\u00e9tales.<br \/>\n<span class=\"goog-text-highlight\">Ingr\u00e9dients : Chocolat 43 % [sucre, p\u00e2te de cacao, beurre de cacao, graisse v\u00e9g\u00e9tale (karit\u00e9), \u00e9mulsifiant : l\u00e9cithine (soja)], sucre, graisse v\u00e9g\u00e9tale (palme), gaufrettes 8,9 % (farine de bl\u00e9, sucre, f\u00e9cule de pomme de terre, graisse de palme , sel), lait \u00e9cr\u00e9m\u00e9 en poudre, cacao maigre 3,7 %, \u00e9mulsifiant : l\u00e9cithine (de soja), ar\u00f4me naturel. <\/span>Le produit peut contenir des arachides, des noisettes, des amandes, des graines de s\u00e9same et des \u0153ufs.\u00a0Chocolat : extrait sec de cacao minimum 43 %. <a class=\"more-link\" href=\"https:\/\/dom-polski.fr\/index.php\/product\/gaufrettes-au-chocolat-1-kg-wawel\/\">Afficher la suite \u2192<\/a><\/p>\n","protected":false},"featured_media":9599,"comment_status":"open","ping_status":"closed","template":"","meta":{"spay_email":"","jetpack_publicize_message":"","jetpack_is_tweetstorm":false},"aioseo_notices":[],"jetpack_publicize_connections":[],"jetpack_likes_enabled":false,"_links":{"self":[{"href":"https:\/\/dom-polski.fr\/index.php\/wp-json\/wp\/v2\/product\/9598"}],"collection":[{"href":"https:\/\/dom-polski.fr\/index.php\/wp-json\/wp\/v2\/product"}],"about":[{"href":"https:\/\/dom-polski.fr\/index.php\/wp-json\/wp\/v2\/types\/product"}],"replies":[{"embeddable":true,"href":"https:\/\/dom-polski.fr\/index.php\/wp-json\/wp\/v2\/comments?post=9598"}],"wp:featuredmedia":[{"embeddable":true,"href":"https:\/\/dom-polski.fr\/index.php\/wp-json\/wp\/v2\/media\/9599"}],"wp:attachment":[{"href":"https:\/\/dom-polski.fr\/index.php\/wp-json\/wp\/v2\/media?parent=9598"}],"curies":[{"name":"wp","href":"https:\/\/api.w.org\/{rel}","templated":true}]}}

<p>Chocolat fourré au cacao et gaufrettes.</p>

<p>En plus du beurre de cacao, le chocolat contient des graisses végétales.<br />
<span class="goog-text-highlight">Ingrédients : Chocolat 43 % [sucre, pâte de cacao, beurre de cacao, graisse végétale (karité), émulsifiant : lécithine (soja)], sucre, graisse végétale (palme), gaufrettes 8,9 % (farine de blé, sucre, fécule de pomme de terre, graisse de palme , sel), lait écrémé en poudre, cacao maigre 3,7 %, émulsifiant : lécithine (de soja), arôme naturel. </span>Le produit peut contenir des arachides, des noisettes, des amandes, des graines de sésame et des œufs. Chocolat : extrait sec de cacao minimum 43 %. <a class="more-link" href="https://dom-polski.fr/index.php/product/gaufrettes-au-chocolat-1-kg-wawel/">Afficher la suite →</a></p>
