{"id":9593,"date":"2022-11-28T15:47:10","date_gmt":"2022-11-28T14:47:10","guid":{"rendered":"https:\/\/dom-polski.fr\/?post_type=product&#038;p=9593"},"modified":"2024-06-17T08:54:34","modified_gmt":"2024-06-17T06:54:34","slug":"preparation-creme-51-g-delecta","status":"publish","type":"product","link":"https:\/\/dom-polski.fr\/index.php\/product\/preparation-creme-51-g-delecta\/","title":{"rendered":"Pr\u00e9paration cr\u00e8me 51 g Delecta"},"content":{"rendered":"<p><span class=\"goog-text-highlight\">Vous n&rsquo;avez besoin que de cinq minutes pour pr\u00e9parer ce compl\u00e9ment parfait aux g\u00e2teaux et desserts.\u00a0<\/span>La \u015anie\u017cka d\u00e9licieuse et moelleuse se marie bien avec les fruits, le chocolat, les raisins secs ou les noix.\u00a0C&rsquo;est aussi un compl\u00e9ment id\u00e9al pour les g\u00e2teaux et tartes, les desserts \u00e0 la gel\u00e9e ou les desserts glac\u00e9s.\u00a0Nous le recommandons \u00e9galement en compl\u00e9ment de gaufres ou de cr\u00eapes.<\/p>\n","protected":false},"excerpt":{"rendered":"<p>Vous n&rsquo;avez besoin que de cinq minutes pour pr\u00e9parer ce compl\u00e9ment parfait aux g\u00e2teaux et desserts.\u00a0La \u015anie\u017cka d\u00e9licieuse et moelleuse se marie bien avec les fruits, le chocolat, les raisins <a class=\"more-link\" href=\"https:\/\/dom-polski.fr\/index.php\/product\/preparation-creme-51-g-delecta\/\">Afficher la suite \u2192<\/a><\/p>\n","protected":false},"featured_media":9594,"comment_status":"open","ping_status":"closed","template":"","meta":{"spay_email":"","jetpack_publicize_message":"","jetpack_is_tweetstorm":false},"aioseo_notices":[],"jetpack_publicize_connections":[],"jetpack_likes_enabled":false,"_links":{"self":[{"href":"https:\/\/dom-polski.fr\/index.php\/wp-json\/wp\/v2\/product\/9593"}],"collection":[{"href":"https:\/\/dom-polski.fr\/index.php\/wp-json\/wp\/v2\/product"}],"about":[{"href":"https:\/\/dom-polski.fr\/index.php\/wp-json\/wp\/v2\/types\/product"}],"replies":[{"embeddable":true,"href":"https:\/\/dom-polski.fr\/index.php\/wp-json\/wp\/v2\/comments?post=9593"}],"wp:featuredmedia":[{"embeddable":true,"href":"https:\/\/dom-polski.fr\/index.php\/wp-json\/wp\/v2\/media\/9594"}],"wp:attachment":[{"href":"https:\/\/dom-polski.fr\/index.php\/wp-json\/wp\/v2\/media?parent=9593"}],"curies":[{"name":"wp","href":"https:\/\/api.w.org\/{rel}","templated":true}]}}

Préparation crème 51 g Delecta

<p><span class="goog-text-highlight">Vous n&rsquo;avez besoin que de cinq minutes pour préparer ce complément parfait aux gâteaux et desserts. </span>La Śnieżka délicieuse et moelleuse se marie bien avec les fruits, le chocolat, les raisins secs ou les noix. C&rsquo;est aussi un complément idéal pour les gâteaux et tartes, les desserts à la gelée ou les desserts glacés. Nous le recommandons également en complément de gaufres ou de crêpes.</p>

<p>Vous n&rsquo;avez besoin que de cinq minutes pour préparer ce complément parfait aux gâteaux et desserts. La Śnieżka délicieuse et moelleuse se marie bien avec les fruits, le chocolat, les raisins <a class="more-link" href="https://dom-polski.fr/index.php/product/preparation-creme-51-g-delecta/">Afficher la suite →</a></p>
