{"id":9591,"date":"2022-11-28T15:43:27","date_gmt":"2022-11-28T14:43:27","guid":{"rendered":"https:\/\/dom-polski.fr\/?post_type=product&#038;p=9591"},"modified":"2024-12-15T16:42:54","modified_gmt":"2024-12-15T15:42:54","slug":"miel-multifleur-200-g","status":"publish","type":"product","link":"https:\/\/dom-polski.fr\/index.php\/product\/miel-multifleur-200-g\/","title":{"rendered":"Miel multifleur 200 g"},"content":{"rendered":"<p><span class=\"goog-text-highlight\"><span>Le miel multifeur, comme son nom l&rsquo;indique, ce miel provient du nectar produit par les abeilles sur diverses plantes, tant cultiv\u00e9es que poussant dans les prairies, les for\u00eats, les plaines et les montagnes. <\/span><\/span><span>Il a une couleur cr\u00e8me claire, parfois th\u00e9.\u00a0<\/span><span>Il cristallise assez rapidement, changeant sa couleur en gris clair ou marron clair.\u00a0<\/span><span>Elle se caract\u00e9rise par une odeur assez forte rappelant l&rsquo;odeur de la cire, et son go\u00fbt d\u00e9pend du m\u00e9lange des nectars apport\u00e9s \u00e0 la ruche.\u00a0<\/span><span>Ses valeurs m\u00e9dicinales d\u00e9pendantes des plantes dont les abeilles ont d\u00e9sign\u00e9 le nectar.\u00a0<\/span><span>Le miel multifleur est particuli\u00e8rement adapt\u00e9 \u00e0 la lutte contre les maladies allergiques, car il contient du pollen qui agit comme antig\u00e8nes.<\/span><\/p>\n","protected":false},"excerpt":{"rendered":"<p>Ingr\u00e9dients : Miel multifleur <a class=\"more-link\" href=\"https:\/\/dom-polski.fr\/index.php\/product\/miel-multifleur-200-g\/\">Afficher la suite \u2192<\/a><\/p>\n","protected":false},"featured_media":9592,"comment_status":"open","ping_status":"closed","template":"","meta":{"spay_email":"","jetpack_publicize_message":"","jetpack_is_tweetstorm":false},"aioseo_notices":[],"jetpack_publicize_connections":[],"jetpack_likes_enabled":false,"_links":{"self":[{"href":"https:\/\/dom-polski.fr\/index.php\/wp-json\/wp\/v2\/product\/9591"}],"collection":[{"href":"https:\/\/dom-polski.fr\/index.php\/wp-json\/wp\/v2\/product"}],"about":[{"href":"https:\/\/dom-polski.fr\/index.php\/wp-json\/wp\/v2\/types\/product"}],"replies":[{"embeddable":true,"href":"https:\/\/dom-polski.fr\/index.php\/wp-json\/wp\/v2\/comments?post=9591"}],"wp:featuredmedia":[{"embeddable":true,"href":"https:\/\/dom-polski.fr\/index.php\/wp-json\/wp\/v2\/media\/9592"}],"wp:attachment":[{"href":"https:\/\/dom-polski.fr\/index.php\/wp-json\/wp\/v2\/media?parent=9591"}],"curies":[{"name":"wp","href":"https:\/\/api.w.org\/{rel}","templated":true}]}}