{"id":9557,"date":"2022-11-23T15:52:12","date_gmt":"2022-11-23T14:52:12","guid":{"rendered":"https:\/\/dom-polski.fr\/?post_type=product&#038;p=9557"},"modified":"2022-12-15T13:59:20","modified_gmt":"2022-12-15T12:59:20","slug":"jeune-chou-a-laneth-provitus-480-g","status":"publish","type":"product","link":"https:\/\/dom-polski.fr\/index.php\/product\/jeune-chou-a-laneth-provitus-480-g\/","title":{"rendered":"Jeune chou \u00e0 l&rsquo;aneth Provitus 480 g"},"content":{"rendered":"<p>Ingr\u00e9dients :<br \/>\nChou blanc 82 %, oignon, huile de colza, farine de <b>bl\u00e9<\/b>, aneth 1,2 %, alcool, sucre, eau, bouillon de l\u00e9gumes (sel, maltodextrine de pomme de terre, concentr\u00e9 de carotte s\u00e9ch\u00e9, extrait de levure s\u00e9ch\u00e9, extrait de poireau s\u00e9ch\u00e9 4,5 %, extrait de persil s\u00e9ch\u00e9 4,5 %, concentr\u00e9 d&rsquo;oignon s\u00e9ch\u00e9, concentr\u00e9 de cornichon marin\u00e9 \u00e0 la saumure s\u00e9ch\u00e9), sel, poivre noir en poudre.<\/p>\n","protected":false},"excerpt":{"rendered":"<p>Ingr\u00e9dients : Chou blanc 82 %, oignon, huile de colza, farine de bl\u00e9, aneth 1,2 %, alcool, sucre, eau, bouillon de l\u00e9gumes (sel, maltodextrine de pomme de terre, concentr\u00e9 de <a class=\"more-link\" href=\"https:\/\/dom-polski.fr\/index.php\/product\/jeune-chou-a-laneth-provitus-480-g\/\">Afficher la suite \u2192<\/a><\/p>\n","protected":false},"featured_media":9558,"comment_status":"open","ping_status":"closed","template":"","meta":{"spay_email":"","jetpack_publicize_message":"","jetpack_is_tweetstorm":false},"aioseo_notices":[],"jetpack_publicize_connections":[],"jetpack_likes_enabled":false,"_links":{"self":[{"href":"https:\/\/dom-polski.fr\/index.php\/wp-json\/wp\/v2\/product\/9557"}],"collection":[{"href":"https:\/\/dom-polski.fr\/index.php\/wp-json\/wp\/v2\/product"}],"about":[{"href":"https:\/\/dom-polski.fr\/index.php\/wp-json\/wp\/v2\/types\/product"}],"replies":[{"embeddable":true,"href":"https:\/\/dom-polski.fr\/index.php\/wp-json\/wp\/v2\/comments?post=9557"}],"wp:featuredmedia":[{"embeddable":true,"href":"https:\/\/dom-polski.fr\/index.php\/wp-json\/wp\/v2\/media\/9558"}],"wp:attachment":[{"href":"https:\/\/dom-polski.fr\/index.php\/wp-json\/wp\/v2\/media?parent=9557"}],"curies":[{"name":"wp","href":"https:\/\/api.w.org\/{rel}","templated":true}]}}

Jeune chou à l&rsquo;aneth Provitus 480 g

<p>Ingrédients :<br />
Chou blanc 82 %, oignon, huile de colza, farine de <b>blé</b>, aneth 1,2 %, alcool, sucre, eau, bouillon de légumes (sel, maltodextrine de pomme de terre, concentré de carotte séché, extrait de levure séché, extrait de poireau séché 4,5 %, extrait de persil séché 4,5 %, concentré d&rsquo;oignon séché, concentré de cornichon mariné à la saumure séché), sel, poivre noir en poudre.</p>

<p>Ingrédients : Chou blanc 82 %, oignon, huile de colza, farine de blé, aneth 1,2 %, alcool, sucre, eau, bouillon de légumes (sel, maltodextrine de pomme de terre, concentré de <a class="more-link" href="https://dom-polski.fr/index.php/product/jeune-chou-a-laneth-provitus-480-g/">Afficher la suite →</a></p>
