{"id":8814,"date":"2022-03-11T09:59:54","date_gmt":"2022-03-11T08:59:54","guid":{"rendered":"https:\/\/dom-polski.fr\/?post_type=product&#038;p=8814"},"modified":"2023-02-26T15:00:03","modified_gmt":"2023-02-26T14:00:03","slug":"echarpe-polska-13","status":"publish","type":"product","link":"https:\/\/dom-polski.fr\/index.php\/product\/echarpe-polska-13\/","title":{"rendered":"Echarpe Polska"},"content":{"rendered":"<p>\u00c9charpe \u00e9paisse.<br \/>\nMat\u00e9riel : 100 % acrylique.<\/p>\n<p>Des deux c\u00f4t\u00e9s de l\u2019\u00e9charpe et au centre, il y a un aigle brod\u00e9 \u2013 l\u2019embl\u00e8me de la Pologne dans un champ rouge et les mots \u00abblanc et rouge\u00bb. Franges blanches.<\/p>\n","protected":false},"excerpt":{"rendered":"<p>\u00c9charpe \u00e9paisse. Mat\u00e9riel : 100 % acrylique. Des deux c\u00f4t\u00e9s de l\u2019\u00e9charpe et au centre, il y a un aigle brod\u00e9 \u2013 l\u2019embl\u00e8me de la Pologne dans un champ rouge <a class=\"more-link\" href=\"https:\/\/dom-polski.fr\/index.php\/product\/echarpe-polska-13\/\">Afficher la suite \u2192<\/a><\/p>\n","protected":false},"featured_media":8788,"comment_status":"open","ping_status":"closed","template":"","meta":{"spay_email":"","jetpack_publicize_message":"","jetpack_is_tweetstorm":false},"aioseo_notices":[],"jetpack_publicize_connections":[],"jetpack_likes_enabled":false,"_links":{"self":[{"href":"https:\/\/dom-polski.fr\/index.php\/wp-json\/wp\/v2\/product\/8814"}],"collection":[{"href":"https:\/\/dom-polski.fr\/index.php\/wp-json\/wp\/v2\/product"}],"about":[{"href":"https:\/\/dom-polski.fr\/index.php\/wp-json\/wp\/v2\/types\/product"}],"replies":[{"embeddable":true,"href":"https:\/\/dom-polski.fr\/index.php\/wp-json\/wp\/v2\/comments?post=8814"}],"wp:featuredmedia":[{"embeddable":true,"href":"https:\/\/dom-polski.fr\/index.php\/wp-json\/wp\/v2\/media\/8788"}],"wp:attachment":[{"href":"https:\/\/dom-polski.fr\/index.php\/wp-json\/wp\/v2\/media?parent=8814"}],"curies":[{"name":"wp","href":"https:\/\/api.w.org\/{rel}","templated":true}]}}