{"id":8586,"date":"2022-01-26T11:23:13","date_gmt":"2022-01-26T10:23:13","guid":{"rendered":"https:\/\/dom-polski.fr\/?post_type=product&#038;p=8586"},"modified":"2025-02-17T12:24:45","modified_gmt":"2025-02-17T11:24:45","slug":"krowki-bonbons-au-caramel-mou-1-kg-jednosc","status":"publish","type":"product","link":"https:\/\/dom-polski.fr\/index.php\/product\/krowki-bonbons-au-caramel-mou-1-kg-jednosc\/","title":{"rendered":"Krowki (bonbons au caramel mou) 1 kg Jednosc"},"content":{"rendered":"","protected":false},"excerpt":{"rendered":"<p>Ingr\u00e9dients : sucre, sirop de glucose, lait \u00e9cr\u00e9m\u00e9 en poudre (14 %), beurre (provenance du lait).<br \/>\nAllerg\u00e8nes : le produit contient du lait (lait \u00e9cr\u00e9m\u00e9 en poudre et beurre). Le produit peut contenir des arachides, des noix, des \u0153ufs, des graines de s\u00e9sames, du soja. <a class=\"more-link\" href=\"https:\/\/dom-polski.fr\/index.php\/product\/krowki-bonbons-au-caramel-mou-1-kg-jednosc\/\">Afficher la suite \u2192<\/a><\/p>\n","protected":false},"featured_media":8587,"comment_status":"open","ping_status":"closed","template":"","meta":{"spay_email":"","jetpack_publicize_message":"","jetpack_is_tweetstorm":false},"aioseo_notices":[],"jetpack_publicize_connections":[],"jetpack_likes_enabled":false,"_links":{"self":[{"href":"https:\/\/dom-polski.fr\/index.php\/wp-json\/wp\/v2\/product\/8586"}],"collection":[{"href":"https:\/\/dom-polski.fr\/index.php\/wp-json\/wp\/v2\/product"}],"about":[{"href":"https:\/\/dom-polski.fr\/index.php\/wp-json\/wp\/v2\/types\/product"}],"replies":[{"embeddable":true,"href":"https:\/\/dom-polski.fr\/index.php\/wp-json\/wp\/v2\/comments?post=8586"}],"wp:featuredmedia":[{"embeddable":true,"href":"https:\/\/dom-polski.fr\/index.php\/wp-json\/wp\/v2\/media\/8587"}],"wp:attachment":[{"href":"https:\/\/dom-polski.fr\/index.php\/wp-json\/wp\/v2\/media?parent=8586"}],"curies":[{"name":"wp","href":"https:\/\/api.w.org\/{rel}","templated":true}]}}