{"id":8517,"date":"2022-01-12T15:32:25","date_gmt":"2022-01-12T14:32:25","guid":{"rendered":"https:\/\/dom-polski.fr\/?post_type=product&#038;p=8517"},"modified":"2022-01-12T15:32:41","modified_gmt":"2022-01-12T14:32:41","slug":"serviette-lowicz-noir-50-cm-x-100-cm","status":"publish","type":"product","link":"https:\/\/dom-polski.fr\/index.php\/product\/serviette-lowicz-noir-50-cm-x-100-cm\/","title":{"rendered":"Serviette Lowicz noir (50 cm x 100 cm)"},"content":{"rendered":"<p>Dimensions : 50 cm x 100 cm<br \/>\nImpression sur une face, dessous noir<br \/>\nServiette double \u00e9paisseur : 100 % microfibre \u00e0 l&rsquo;anvant et 100 % coton \u00e0 l&rsquo;arri\u00e8re<br \/>\nLavable en machine<br \/>\nLavage \u00e0 40\u00b0C<br \/>\nLaver avant la premi\u00e8re utilisation<br \/>\nRepasser \u00e0 une temp\u00e9rature maximale de 110 \u00b0C<\/p>\n","protected":false},"excerpt":{"rendered":"<p>Dimensions : 50 cm x 100 cm Impression sur une face, dessous noir Serviette double \u00e9paisseur : 100 % microfibre \u00e0 l&rsquo;anvant et 100 % coton \u00e0 l&rsquo;arri\u00e8re Lavable en <a class=\"more-link\" href=\"https:\/\/dom-polski.fr\/index.php\/product\/serviette-lowicz-noir-50-cm-x-100-cm\/\">Afficher la suite \u2192<\/a><\/p>\n","protected":false},"featured_media":8496,"comment_status":"open","ping_status":"closed","template":"","meta":{"spay_email":"","jetpack_publicize_message":"","jetpack_is_tweetstorm":false},"aioseo_notices":[],"jetpack_publicize_connections":[],"jetpack_likes_enabled":false,"_links":{"self":[{"href":"https:\/\/dom-polski.fr\/index.php\/wp-json\/wp\/v2\/product\/8517"}],"collection":[{"href":"https:\/\/dom-polski.fr\/index.php\/wp-json\/wp\/v2\/product"}],"about":[{"href":"https:\/\/dom-polski.fr\/index.php\/wp-json\/wp\/v2\/types\/product"}],"replies":[{"embeddable":true,"href":"https:\/\/dom-polski.fr\/index.php\/wp-json\/wp\/v2\/comments?post=8517"}],"wp:featuredmedia":[{"embeddable":true,"href":"https:\/\/dom-polski.fr\/index.php\/wp-json\/wp\/v2\/media\/8496"}],"wp:attachment":[{"href":"https:\/\/dom-polski.fr\/index.php\/wp-json\/wp\/v2\/media?parent=8517"}],"curies":[{"name":"wp","href":"https:\/\/api.w.org\/{rel}","templated":true}]}}

<p>Dimensions : 50 cm x 100 cm<br />
Impression sur une face, dessous noir<br />
Serviette double épaisseur : 100 % microfibre à l&rsquo;anvant et 100 % coton à l&rsquo;arrière<br />
Lavable en machine<br />
Lavage à 40°C<br />
Laver avant la première utilisation<br />
Repasser à une température maximale de 110 °C</p>

<p>Dimensions : 50 cm x 100 cm Impression sur une face, dessous noir Serviette double épaisseur : 100 % microfibre à l&rsquo;anvant et 100 % coton à l&rsquo;arrière Lavable en <a class="more-link" href="https://dom-polski.fr/index.php/product/serviette-lowicz-noir-50-cm-x-100-cm/">Afficher la suite →</a></p>
