{"id":8426,"date":"2022-01-04T11:25:28","date_gmt":"2022-01-04T10:25:28","guid":{"rendered":"https:\/\/dom-polski.fr\/?post_type=product&#038;p=8426"},"modified":"2024-06-13T19:08:35","modified_gmt":"2024-06-13T17:08:35","slug":"aigle-en-bois-incruste-dambre-2","status":"publish","type":"product","link":"https:\/\/dom-polski.fr\/index.php\/product\/aigle-en-bois-incruste-dambre-2\/","title":{"rendered":"Aigle en bois incrust\u00e9 d&rsquo;ambre"},"content":{"rendered":"<p>Possibilit\u00e9 de l&rsquo;accrocher sur un mur ou de le poser sur un meuble gr\u00e2ce aux deux supports livr\u00e9s.<br \/>\nDimensions :<br \/>\n&#8211; Largeur : 35 cm<br \/>\n&#8211; Hauteur : 40 cm<br \/>\nMati\u00e8re : Bois incrust\u00e9 d&rsquo;ambre<\/p>\n","protected":false},"excerpt":{"rendered":"<p>Possibilit\u00e9 de l&rsquo;accrocher sur un mur ou de le poser sur un meuble gr\u00e2ce aux deux supports livr\u00e9s. Dimensions : &#8211; Largeur : 35 cm &#8211; Hauteur : 40 cm <a class=\"more-link\" href=\"https:\/\/dom-polski.fr\/index.php\/product\/aigle-en-bois-incruste-dambre-2\/\">Afficher la suite \u2192<\/a><\/p>\n","protected":false},"featured_media":8425,"comment_status":"open","ping_status":"closed","template":"","meta":{"spay_email":"","jetpack_publicize_message":"","jetpack_is_tweetstorm":false},"aioseo_notices":[],"jetpack_publicize_connections":[],"jetpack_likes_enabled":false,"_links":{"self":[{"href":"https:\/\/dom-polski.fr\/index.php\/wp-json\/wp\/v2\/product\/8426"}],"collection":[{"href":"https:\/\/dom-polski.fr\/index.php\/wp-json\/wp\/v2\/product"}],"about":[{"href":"https:\/\/dom-polski.fr\/index.php\/wp-json\/wp\/v2\/types\/product"}],"replies":[{"embeddable":true,"href":"https:\/\/dom-polski.fr\/index.php\/wp-json\/wp\/v2\/comments?post=8426"}],"wp:featuredmedia":[{"embeddable":true,"href":"https:\/\/dom-polski.fr\/index.php\/wp-json\/wp\/v2\/media\/8425"}],"wp:attachment":[{"href":"https:\/\/dom-polski.fr\/index.php\/wp-json\/wp\/v2\/media?parent=8426"}],"curies":[{"name":"wp","href":"https:\/\/api.w.org\/{rel}","templated":true}]}}