{"id":834,"date":"2018-02-10T15:36:20","date_gmt":"2018-02-10T14:36:20","guid":{"rendered":"http:\/\/dom-polski.fr\/?post_type=product&#038;p=834"},"modified":"2022-12-09T18:31:52","modified_gmt":"2022-12-09T17:31:52","slug":"babouchka-pyrogravee-2","status":"publish","type":"product","link":"https:\/\/dom-polski.fr\/index.php\/product\/babouchka-pyrogravee-2\/","title":{"rendered":"Babouchka pyrograv\u00e9e"},"content":{"rendered":"<p>Voici une superbe babouchka pyrograv\u00e9e et peinte \u00e0 la main.<\/p>\n","protected":false},"excerpt":{"rendered":"<p>Bois de tilleul<\/p>\n<p>Hauteur de la plus grande pi\u00e8ce : 10,50 cm env.<\/p>\n<p>Comprend 5 pi\u00e8ces <a class=\"more-link\" href=\"https:\/\/dom-polski.fr\/index.php\/product\/babouchka-pyrogravee-2\/\">Afficher la suite \u2192<\/a><\/p>\n","protected":false},"featured_media":835,"comment_status":"open","ping_status":"closed","template":"","meta":{"spay_email":"","jetpack_publicize_message":"","jetpack_is_tweetstorm":false},"aioseo_notices":[],"jetpack_publicize_connections":[],"jetpack_likes_enabled":false,"_links":{"self":[{"href":"https:\/\/dom-polski.fr\/index.php\/wp-json\/wp\/v2\/product\/834"}],"collection":[{"href":"https:\/\/dom-polski.fr\/index.php\/wp-json\/wp\/v2\/product"}],"about":[{"href":"https:\/\/dom-polski.fr\/index.php\/wp-json\/wp\/v2\/types\/product"}],"replies":[{"embeddable":true,"href":"https:\/\/dom-polski.fr\/index.php\/wp-json\/wp\/v2\/comments?post=834"}],"wp:featuredmedia":[{"embeddable":true,"href":"https:\/\/dom-polski.fr\/index.php\/wp-json\/wp\/v2\/media\/835"}],"wp:attachment":[{"href":"https:\/\/dom-polski.fr\/index.php\/wp-json\/wp\/v2\/media?parent=834"}],"curies":[{"name":"wp","href":"https:\/\/api.w.org\/{rel}","templated":true}]}}