{"id":8334,"date":"2021-12-01T10:48:20","date_gmt":"2021-12-01T09:48:20","guid":{"rendered":"https:\/\/dom-polski.fr\/?post_type=product&#038;p=8334"},"modified":"2025-03-12T21:55:06","modified_gmt":"2025-03-12T20:55:06","slug":"chocolat-haut-amer-80-80-g-e-wedel","status":"publish","type":"product","link":"https:\/\/dom-polski.fr\/index.php\/product\/chocolat-haut-amer-80-80-g-e-wedel\/","title":{"rendered":"Chocolat haut amer 80 % 80 g E. Wedel"},"content":{"rendered":"<p>Ingr\u00e9dients : <span class=\"\">Liqueur de cacao, cacao all\u00e9g\u00e9, sucre, beurre de cacao, ar\u00f4me, \u00e9mulsifiant (l\u00e9cithine de soja).\u00a0<\/span>mati\u00e8re s\u00e8che de cacao au moins 80 %.\u00a0peut contenir des arachides, des noix, du lait, des c\u00e9r\u00e9ales, des \u0153ufs.<br \/>\nAllerg\u00e8nes :<br \/>\nContient : Soja, c\u00e9r\u00e9ales, \u0153ufs, cacahu\u00e8tes et lait.<br \/>\nPeut contenir : Arachides.<\/p>\n","protected":false},"excerpt":{"rendered":"<p>Ingr\u00e9dients : Liqueur de cacao, cacao all\u00e9g\u00e9, sucre, beurre de cacao, ar\u00f4me, \u00e9mulsifiant (l\u00e9cithine de soja).\u00a0mati\u00e8re s\u00e8che de cacao au moins 80 %.\u00a0peut contenir des arachides, des noix, du lait, <a class=\"more-link\" href=\"https:\/\/dom-polski.fr\/index.php\/product\/chocolat-haut-amer-80-80-g-e-wedel\/\">Afficher la suite \u2192<\/a><\/p>\n","protected":false},"featured_media":8335,"comment_status":"open","ping_status":"closed","template":"","meta":{"spay_email":"","jetpack_publicize_message":"","jetpack_is_tweetstorm":false},"aioseo_notices":[],"jetpack_publicize_connections":[],"jetpack_likes_enabled":false,"_links":{"self":[{"href":"https:\/\/dom-polski.fr\/index.php\/wp-json\/wp\/v2\/product\/8334"}],"collection":[{"href":"https:\/\/dom-polski.fr\/index.php\/wp-json\/wp\/v2\/product"}],"about":[{"href":"https:\/\/dom-polski.fr\/index.php\/wp-json\/wp\/v2\/types\/product"}],"replies":[{"embeddable":true,"href":"https:\/\/dom-polski.fr\/index.php\/wp-json\/wp\/v2\/comments?post=8334"}],"wp:featuredmedia":[{"embeddable":true,"href":"https:\/\/dom-polski.fr\/index.php\/wp-json\/wp\/v2\/media\/8335"}],"wp:attachment":[{"href":"https:\/\/dom-polski.fr\/index.php\/wp-json\/wp\/v2\/media?parent=8334"}],"curies":[{"name":"wp","href":"https:\/\/api.w.org\/{rel}","templated":true}]}}

<p>Ingrédients : <span class="">Liqueur de cacao, cacao allégé, sucre, beurre de cacao, arôme, émulsifiant (lécithine de soja). </span>matière sèche de cacao au moins 80 %. peut contenir des arachides, des noix, du lait, des céréales, des œufs.<br />
Allergènes :<br />
Contient : Soja, céréales, œufs, cacahuètes et lait.<br />
Peut contenir : Arachides.</p>

<p>Ingrédients : Liqueur de cacao, cacao allégé, sucre, beurre de cacao, arôme, émulsifiant (lécithine de soja). matière sèche de cacao au moins 80 %. peut contenir des arachides, des noix, du lait, <a class="more-link" href="https://dom-polski.fr/index.php/product/chocolat-haut-amer-80-80-g-e-wedel/">Afficher la suite →</a></p>
