{"id":8332,"date":"2021-12-01T10:44:00","date_gmt":"2021-12-01T09:44:00","guid":{"rendered":"https:\/\/dom-polski.fr\/?post_type=product&#038;p=8332"},"modified":"2024-10-09T21:51:03","modified_gmt":"2024-10-09T19:51:03","slug":"chocolat-caramel-80-g-e-wedel","status":"publish","type":"product","link":"https:\/\/dom-polski.fr\/index.php\/product\/chocolat-caramel-80-g-e-wedel\/","title":{"rendered":"Chocolat caramel 80 g E. Wedel"},"content":{"rendered":"<p><span class=\"\">Ingr\u00e9dients : Sucre, beurre de cacao, poudre de lait entier, poudre de caramel 10 % (lait \u00e9cr\u00e9m\u00e9, lactos\u00e9rum (de lait), sucre, beurre, ar\u00f4me), poudre de lactos\u00e9rum (de lait), \u00e9mulsifiants (l\u00e9cithines de soja, e476), ar\u00f4me, sel. <\/span>le produit peut contenir des arachides, des noix, des c\u00e9r\u00e9ales (gluten), des \u0153ufs.<br \/>\nAllerg\u00e8nes :<br \/>\nContient : Soja et lait.<br \/>\nPeut contenir : C\u00e9r\u00e9ales, \u0153ufs, cacahu\u00e8tes et arachides.<\/p>\n","protected":false},"excerpt":{"rendered":"<p>Ingr\u00e9dients : Sucre, beurre de cacao, poudre de lait entier, poudre de caramel 10 % (lait \u00e9cr\u00e9m\u00e9, lactos\u00e9rum (de lait), sucre, beurre, ar\u00f4me), poudre de lactos\u00e9rum (de lait), \u00e9mulsifiants (l\u00e9cithines <a class=\"more-link\" href=\"https:\/\/dom-polski.fr\/index.php\/product\/chocolat-caramel-80-g-e-wedel\/\">Afficher la suite \u2192<\/a><\/p>\n","protected":false},"featured_media":8333,"comment_status":"open","ping_status":"closed","template":"","meta":{"spay_email":"","jetpack_publicize_message":"","jetpack_is_tweetstorm":false},"aioseo_notices":[],"jetpack_publicize_connections":[],"jetpack_likes_enabled":false,"_links":{"self":[{"href":"https:\/\/dom-polski.fr\/index.php\/wp-json\/wp\/v2\/product\/8332"}],"collection":[{"href":"https:\/\/dom-polski.fr\/index.php\/wp-json\/wp\/v2\/product"}],"about":[{"href":"https:\/\/dom-polski.fr\/index.php\/wp-json\/wp\/v2\/types\/product"}],"replies":[{"embeddable":true,"href":"https:\/\/dom-polski.fr\/index.php\/wp-json\/wp\/v2\/comments?post=8332"}],"wp:featuredmedia":[{"embeddable":true,"href":"https:\/\/dom-polski.fr\/index.php\/wp-json\/wp\/v2\/media\/8333"}],"wp:attachment":[{"href":"https:\/\/dom-polski.fr\/index.php\/wp-json\/wp\/v2\/media?parent=8332"}],"curies":[{"name":"wp","href":"https:\/\/api.w.org\/{rel}","templated":true}]}}

<p><span class="">Ingrédients : Sucre, beurre de cacao, poudre de lait entier, poudre de caramel 10 % (lait écrémé, lactosérum (de lait), sucre, beurre, arôme), poudre de lactosérum (de lait), émulsifiants (lécithines de soja, e476), arôme, sel. </span>le produit peut contenir des arachides, des noix, des céréales (gluten), des œufs.<br />
Allergènes :<br />
Contient : Soja et lait.<br />
Peut contenir : Céréales, œufs, cacahuètes et arachides.</p>

<p>Ingrédients : Sucre, beurre de cacao, poudre de lait entier, poudre de caramel 10 % (lait écrémé, lactosérum (de lait), sucre, beurre, arôme), poudre de lactosérum (de lait), émulsifiants (lécithines <a class="more-link" href="https://dom-polski.fr/index.php/product/chocolat-caramel-80-g-e-wedel/">Afficher la suite →</a></p>
