{"id":8253,"date":"2021-11-10T09:08:13","date_gmt":"2021-11-10T08:08:13","guid":{"rendered":"https:\/\/dom-polski.fr\/?post_type=product&#038;p=8253"},"modified":"2022-12-26T23:11:32","modified_gmt":"2022-12-26T22:11:32","slug":"calendrier-mural-2022","status":"publish","type":"product","link":"https:\/\/dom-polski.fr\/index.php\/product\/calendrier-mural-2022\/","title":{"rendered":"Calendrier mural 2023"},"content":{"rendered":"<p>Version \u00e0 suspendre :<br \/>\n&#8211; 16 planches, spirale<br \/>\n&#8211; 14 calendriers mensuels (novembre 2022 &#8211; d\u00e9cembre 2023) + couverture et retour<br \/>\n&#8211; calendrier en polonais et en anglais<br \/>\n&#8211; num\u00e9rotation actuelle des semaines ainsi que des jours f\u00e9ri\u00e9s et des jours f\u00e9ri\u00e9s<br \/>\n&#8211; format 17 x 24 cm<\/p>\n<div><\/div>\n","protected":false},"excerpt":{"rendered":"<p>Version \u00e0 suspendre : &#8211; 16 planches, spirale &#8211; 14 calendriers mensuels (novembre 2022 &#8211; d\u00e9cembre 2023) + couverture et retour &#8211; calendrier en polonais et en anglais &#8211; num\u00e9rotation <a class=\"more-link\" href=\"https:\/\/dom-polski.fr\/index.php\/product\/calendrier-mural-2022\/\">Afficher la suite \u2192<\/a><\/p>\n","protected":false},"featured_media":9025,"comment_status":"open","ping_status":"closed","template":"","meta":{"spay_email":"","jetpack_publicize_message":"","jetpack_is_tweetstorm":false},"aioseo_notices":[],"jetpack_publicize_connections":[],"jetpack_likes_enabled":false,"_links":{"self":[{"href":"https:\/\/dom-polski.fr\/index.php\/wp-json\/wp\/v2\/product\/8253"}],"collection":[{"href":"https:\/\/dom-polski.fr\/index.php\/wp-json\/wp\/v2\/product"}],"about":[{"href":"https:\/\/dom-polski.fr\/index.php\/wp-json\/wp\/v2\/types\/product"}],"replies":[{"embeddable":true,"href":"https:\/\/dom-polski.fr\/index.php\/wp-json\/wp\/v2\/comments?post=8253"}],"wp:featuredmedia":[{"embeddable":true,"href":"https:\/\/dom-polski.fr\/index.php\/wp-json\/wp\/v2\/media\/9025"}],"wp:attachment":[{"href":"https:\/\/dom-polski.fr\/index.php\/wp-json\/wp\/v2\/media?parent=8253"}],"curies":[{"name":"wp","href":"https:\/\/api.w.org\/{rel}","templated":true}]}}

<p>Version à suspendre :<br />
&#8211; 16 planches, spirale<br />
&#8211; 14 calendriers mensuels (novembre 2022 &#8211; décembre 2023) + couverture et retour<br />
&#8211; calendrier en polonais et en anglais<br />
&#8211; numérotation actuelle des semaines ainsi que des jours fériés et des jours fériés<br />
&#8211; format 17 x 24 cm</p>
<div></div>

<p>Version à suspendre : &#8211; 16 planches, spirale &#8211; 14 calendriers mensuels (novembre 2022 &#8211; décembre 2023) + couverture et retour &#8211; calendrier en polonais et en anglais &#8211; numérotation <a class="more-link" href="https://dom-polski.fr/index.php/product/calendrier-mural-2022/">Afficher la suite →</a></p>
