{"id":8251,"date":"2021-11-10T09:02:13","date_gmt":"2021-11-10T08:02:13","guid":{"rendered":"https:\/\/dom-polski.fr\/?post_type=product&#038;p=8251"},"modified":"2023-02-28T15:39:39","modified_gmt":"2023-02-28T14:39:39","slug":"tablier-polska-2","status":"publish","type":"product","link":"https:\/\/dom-polski.fr\/index.php\/product\/tablier-polska-2\/","title":{"rendered":"Tablier Polska"},"content":{"rendered":"<p>Tablier de cuisine en coton avec un imprim\u00e9 d\u00e9coratif unilat\u00e9ral.<br \/>\nCadeau esth\u00e9tique et pratique.<br \/>\nDimensions : 83 cm x 61 cm.<br \/>\nIl pr\u00e9sente de mani\u00e8re artistique les objets architecturaux polonais les plus int\u00e9ressants. Dans la partie sup\u00e9rieure, il y a un imprim\u00e9 inspir\u00e9 d\u2019une d\u00e9coupe folklorique de la r\u00e9gion de \u0141owicz.<br \/>\nComposition : 100 % coton<br \/>\nEn raison de la technique d\u2019impression, l\u2019apparence r\u00e9elle peut diff\u00e9rer de celle montr\u00e9e sur la photo.<\/p>\n","protected":false},"excerpt":{"rendered":"<p>Tablier de cuisine en coton avec un imprim\u00e9 d\u00e9coratif unilat\u00e9ral. Cadeau esth\u00e9tique et pratique. Dimensions : 83 cm x 61 cm. Il pr\u00e9sente de mani\u00e8re artistique les objets architecturaux polonais <a class=\"more-link\" href=\"https:\/\/dom-polski.fr\/index.php\/product\/tablier-polska-2\/\">Afficher la suite \u2192<\/a><\/p>\n","protected":false},"featured_media":8252,"comment_status":"open","ping_status":"closed","template":"","meta":{"spay_email":"","jetpack_publicize_message":"","jetpack_is_tweetstorm":false},"aioseo_notices":[],"jetpack_publicize_connections":[],"jetpack_likes_enabled":false,"_links":{"self":[{"href":"https:\/\/dom-polski.fr\/index.php\/wp-json\/wp\/v2\/product\/8251"}],"collection":[{"href":"https:\/\/dom-polski.fr\/index.php\/wp-json\/wp\/v2\/product"}],"about":[{"href":"https:\/\/dom-polski.fr\/index.php\/wp-json\/wp\/v2\/types\/product"}],"replies":[{"embeddable":true,"href":"https:\/\/dom-polski.fr\/index.php\/wp-json\/wp\/v2\/comments?post=8251"}],"wp:featuredmedia":[{"embeddable":true,"href":"https:\/\/dom-polski.fr\/index.php\/wp-json\/wp\/v2\/media\/8252"}],"wp:attachment":[{"href":"https:\/\/dom-polski.fr\/index.php\/wp-json\/wp\/v2\/media?parent=8251"}],"curies":[{"name":"wp","href":"https:\/\/api.w.org\/{rel}","templated":true}]}}

<p>Tablier de cuisine en coton avec un imprimé décoratif unilatéral.<br />
Cadeau esthétique et pratique.<br />
Dimensions : 83 cm x 61 cm.<br />
Il présente de manière artistique les objets architecturaux polonais les plus intéressants. Dans la partie supérieure, il y a un imprimé inspiré d’une découpe folklorique de la région de Łowicz.<br />
Composition : 100 % coton<br />
En raison de la technique d’impression, l’apparence réelle peut différer de celle montrée sur la photo.</p>

<p>Tablier de cuisine en coton avec un imprimé décoratif unilatéral. Cadeau esthétique et pratique. Dimensions : 83 cm x 61 cm. Il présente de manière artistique les objets architecturaux polonais <a class="more-link" href="https://dom-polski.fr/index.php/product/tablier-polska-2/">Afficher la suite →</a></p>
