{"id":8222,"date":"2021-11-03T15:05:22","date_gmt":"2021-11-03T14:05:22","guid":{"rendered":"https:\/\/dom-polski.fr\/?post_type=product&#038;p=8222"},"modified":"2024-11-27T11:36:55","modified_gmt":"2024-11-27T10:36:55","slug":"the-aux-feuilles-de-melisse-20-sachets","status":"publish","type":"product","link":"https:\/\/dom-polski.fr\/index.php\/product\/the-aux-feuilles-de-melisse-20-sachets\/","title":{"rendered":"Th\u00e9 aux feuilles de m\u00e9lisse 20 sachets"},"content":{"rendered":"<p>Ingr\u00e9dients : 100 % Feuille de m\u00e9lisse.<br \/>\nAllerg\u00e8ne : Aucune trace.<\/p>\n","protected":false},"excerpt":{"rendered":"<p>Ingr\u00e9dients : 100 % Feuille de m\u00e9lisse. Allerg\u00e8ne : Aucune trace.<\/p>\n","protected":false},"featured_media":8223,"comment_status":"open","ping_status":"closed","template":"","meta":{"spay_email":"","jetpack_publicize_message":"","jetpack_is_tweetstorm":false},"aioseo_notices":[],"jetpack_publicize_connections":[],"jetpack_likes_enabled":false,"_links":{"self":[{"href":"https:\/\/dom-polski.fr\/index.php\/wp-json\/wp\/v2\/product\/8222"}],"collection":[{"href":"https:\/\/dom-polski.fr\/index.php\/wp-json\/wp\/v2\/product"}],"about":[{"href":"https:\/\/dom-polski.fr\/index.php\/wp-json\/wp\/v2\/types\/product"}],"replies":[{"embeddable":true,"href":"https:\/\/dom-polski.fr\/index.php\/wp-json\/wp\/v2\/comments?post=8222"}],"wp:featuredmedia":[{"embeddable":true,"href":"https:\/\/dom-polski.fr\/index.php\/wp-json\/wp\/v2\/media\/8223"}],"wp:attachment":[{"href":"https:\/\/dom-polski.fr\/index.php\/wp-json\/wp\/v2\/media?parent=8222"}],"curies":[{"name":"wp","href":"https:\/\/api.w.org\/{rel}","templated":true}]}}