{"id":8113,"date":"2021-10-27T11:30:07","date_gmt":"2021-10-27T09:30:07","guid":{"rendered":"https:\/\/dom-polski.fr\/?post_type=product&#038;p=8113"},"modified":"2023-08-13T14:46:12","modified_gmt":"2023-08-13T12:46:12","slug":"cafe-magnesium-100-g-inka","status":"publish","type":"product","link":"https:\/\/dom-polski.fr\/index.php\/product\/cafe-magnesium-100-g-inka\/","title":{"rendered":"Caf\u00e9 magn\u00e9sium 100 g Inka"},"content":{"rendered":"<p>Ingr\u00e9dients : C\u00e9r\u00e9ales 65 % (orge, seigle), chicor\u00e9e, substance enrichie: sulfate de magn\u00e9sium. sans sucre ajout\u00e9. contient des sucres naturels.<br \/>\nAllerg\u00e8nes :<br \/>\nContient : C\u00e9r\u00e9ales, orge et seigle.<\/p>\n","protected":false},"excerpt":{"rendered":"<p>Inka Magne a \u00e9t\u00e9 cr\u00e9\u00e9e pour combiner ce qui est agr\u00e9able avec ce qui est utile. C\u2019est un d\u00e9licieux caf\u00e9 c\u00e9r\u00e9alier instantan\u00e9 enrichi en magn\u00e9sium qui peut \u00eatre consomm\u00e9 dans le cadre d\u2019une alimentation vari\u00e9e et \u00e9quilibr\u00e9e. Sa recette originale bas\u00e9e sur la composition harmonieuse de l\u2019orge, du seigle et de la chicor\u00e9e a \u00e9t\u00e9 enrichie en magn\u00e9sium, ce qui contribue \u00e0 r\u00e9duire la sensation de fatigue et de fatigue et aide au bon fonctionnement du syst\u00e8me nerveux. Inka Magne remplacera parfaitement une autre tasse de caf\u00e9 naturel. C\u2019est pourquoi Inka Magne est si bonne pour vous et vos proches. <a class=\"more-link\" href=\"https:\/\/dom-polski.fr\/index.php\/product\/cafe-magnesium-100-g-inka\/\">Afficher la suite \u2192<\/a><\/p>\n","protected":false},"featured_media":8114,"comment_status":"open","ping_status":"closed","template":"","meta":{"spay_email":"","jetpack_publicize_message":"","jetpack_is_tweetstorm":false},"aioseo_notices":[],"jetpack_publicize_connections":[],"jetpack_likes_enabled":false,"_links":{"self":[{"href":"https:\/\/dom-polski.fr\/index.php\/wp-json\/wp\/v2\/product\/8113"}],"collection":[{"href":"https:\/\/dom-polski.fr\/index.php\/wp-json\/wp\/v2\/product"}],"about":[{"href":"https:\/\/dom-polski.fr\/index.php\/wp-json\/wp\/v2\/types\/product"}],"replies":[{"embeddable":true,"href":"https:\/\/dom-polski.fr\/index.php\/wp-json\/wp\/v2\/comments?post=8113"}],"wp:featuredmedia":[{"embeddable":true,"href":"https:\/\/dom-polski.fr\/index.php\/wp-json\/wp\/v2\/media\/8114"}],"wp:attachment":[{"href":"https:\/\/dom-polski.fr\/index.php\/wp-json\/wp\/v2\/media?parent=8113"}],"curies":[{"name":"wp","href":"https:\/\/api.w.org\/{rel}","templated":true}]}}