{"id":7961,"date":"2021-10-13T11:21:34","date_gmt":"2021-10-13T09:21:34","guid":{"rendered":"https:\/\/dom-polski.fr\/?post_type=product&#038;p=7961"},"modified":"2021-10-13T11:22:46","modified_gmt":"2021-10-13T09:22:46","slug":"the-complement-alimentaire-20-x-2-g-herbapol","status":"publish","type":"product","link":"https:\/\/dom-polski.fr\/index.php\/product\/the-complement-alimentaire-20-x-2-g-herbapol\/","title":{"rendered":"Th\u00e9 compl\u00e9ment alimentaire (20 x 2 g) Herbapol"},"content":{"rendered":"<p>Ingr\u00e9dients : <span style=\"color: #64686c;\"><span style=\"color: #64686c; text-transform: none; text-indent: 0px; letter-spacing: normal; font-family: 'Helvetica Neue', Helvetica, Arial, sans-serif; font-size: 13px; font-style: normal; font-weight: 400; word-spacing: 0px; float: none; display: inline !important; white-space: normal; orphans: 2; widows: 2; background-color: #ffffff; font-variant-ligatures: normal; font-variant-caps: normal; -webkit-text-stroke-width: 0px; text-decoration-thickness: initial; text-decoration-style: initial; text-decoration-color: initial;\">100 % Feuilles de Ciste.<br \/>\n<\/span>Allerg\u00e8nes : pas d&rsquo;allerg\u00e8nes.<\/span><\/p>\n","protected":false},"excerpt":{"rendered":"<p><span style=\"color: #64686c; font-size: small;\">Compl\u00e9ment alimentaire tisane de Ciste est une source d&rsquo;antioxydants naturels qui neutralisent les radicaux libres dans l&rsquo;organisme, prot\u00e9geant ainsi les cellules et les tissus des dommages.<\/span><span style=\"color: #64686c; font-size: small;\">\u00a0<\/span><span style=\"color: #64686c; text-transform: none; text-indent: 0px; letter-spacing: normal; font-family: 'Helvetica Neue', Helvetica, Arial, sans-serif; font-size: 12px; font-style: normal; font-weight: 400; word-spacing: 0px; vertical-align: inherit; white-space: normal; orphans: 2; widows: 2; background-color: #ffffff; font-variant-ligatures: normal; font-variant-caps: normal; -webkit-text-stroke-width: 0px; text-decoration-thickness: initial; text-decoration-style: initial; text-decoration-color: initial;\">Gr\u00e2ce \u00e0 cela, il soutient l&rsquo;immunit\u00e9 du corps.<span style=\"font-size: small;\">\u00a0<\/span><\/span> <a class=\"more-link\" href=\"https:\/\/dom-polski.fr\/index.php\/product\/the-complement-alimentaire-20-x-2-g-herbapol\/\">Afficher la suite \u2192<\/a><\/p>\n","protected":false},"featured_media":7962,"comment_status":"open","ping_status":"closed","template":"","meta":{"spay_email":"","jetpack_publicize_message":"","jetpack_is_tweetstorm":false},"aioseo_notices":[],"jetpack_publicize_connections":[],"jetpack_likes_enabled":false,"_links":{"self":[{"href":"https:\/\/dom-polski.fr\/index.php\/wp-json\/wp\/v2\/product\/7961"}],"collection":[{"href":"https:\/\/dom-polski.fr\/index.php\/wp-json\/wp\/v2\/product"}],"about":[{"href":"https:\/\/dom-polski.fr\/index.php\/wp-json\/wp\/v2\/types\/product"}],"replies":[{"embeddable":true,"href":"https:\/\/dom-polski.fr\/index.php\/wp-json\/wp\/v2\/comments?post=7961"}],"wp:featuredmedia":[{"embeddable":true,"href":"https:\/\/dom-polski.fr\/index.php\/wp-json\/wp\/v2\/media\/7962"}],"wp:attachment":[{"href":"https:\/\/dom-polski.fr\/index.php\/wp-json\/wp\/v2\/media?parent=7961"}],"curies":[{"name":"wp","href":"https:\/\/api.w.org\/{rel}","templated":true}]}}