{"id":7613,"date":"2021-09-16T12:02:03","date_gmt":"2021-09-16T10:02:03","guid":{"rendered":"https:\/\/dom-polski.fr\/?post_type=product&#038;p=7613"},"modified":"2025-12-18T22:56:24","modified_gmt":"2025-12-18T21:56:24","slug":"creme-a-gateau-en-poudre-250-g-delecta","status":"publish","type":"product","link":"https:\/\/dom-polski.fr\/index.php\/product\/creme-a-gateau-en-poudre-250-g-delecta\/","title":{"rendered":"Cr\u00e8me \u00e0 g\u00e2teau en poudre 250 g Delecta"},"content":{"rendered":"<p>Ingr\u00e9dients : <span style=\"color: #64686c; text-transform: none; text-indent: 0px; letter-spacing: normal; font-family: 'Helvetica Neue', Helvetica, Arial, sans-serif; font-size: 13px; font-style: normal; font-weight: 400; word-spacing: 0px; float: none; display: inline !important; white-space: normal; orphans: 2; widows: 2; background-color: #ffffff; font-variant-ligatures: normal; font-variant-caps: normal; -webkit-text-stroke-width: 0px; text-decoration-thickness: initial; text-decoration-style: initial; text-decoration-color: initial;\">Sucre, amidon de ma\u00efs, farine de bl\u00e9, \u0153ufs en poudre, ar\u00f4me, colorant : curcumine, extrait naturel de vanille.<br \/>\nAllerg\u00e8nes : Lait, soja, c\u00e9r\u00e9ales et \u0153ufs.<br \/>\n<\/span><\/p>\n","protected":false},"excerpt":{"rendered":"<p>Ingr\u00e9dients : Sucre, amidon de ma\u00efs, farine de bl\u00e9, \u0153ufs en poudre, ar\u00f4me, colorant : curcumine, extrait naturel de vanille. Allerg\u00e8nes : Lait, soja, c\u00e9r\u00e9ales et \u0153ufs.<\/p>\n","protected":false},"featured_media":7614,"comment_status":"open","ping_status":"closed","template":"","meta":{"spay_email":"","jetpack_publicize_message":"","jetpack_is_tweetstorm":false},"aioseo_notices":[],"jetpack_publicize_connections":[],"jetpack_likes_enabled":false,"_links":{"self":[{"href":"https:\/\/dom-polski.fr\/index.php\/wp-json\/wp\/v2\/product\/7613"}],"collection":[{"href":"https:\/\/dom-polski.fr\/index.php\/wp-json\/wp\/v2\/product"}],"about":[{"href":"https:\/\/dom-polski.fr\/index.php\/wp-json\/wp\/v2\/types\/product"}],"replies":[{"embeddable":true,"href":"https:\/\/dom-polski.fr\/index.php\/wp-json\/wp\/v2\/comments?post=7613"}],"wp:featuredmedia":[{"embeddable":true,"href":"https:\/\/dom-polski.fr\/index.php\/wp-json\/wp\/v2\/media\/7614"}],"wp:attachment":[{"href":"https:\/\/dom-polski.fr\/index.php\/wp-json\/wp\/v2\/media?parent=7613"}],"curies":[{"name":"wp","href":"https:\/\/api.w.org\/{rel}","templated":true}]}}

Crème à gâteau en poudre 250 g Delecta

<p>Ingrédients : <span style="color: #64686c; text-transform: none; text-indent: 0px; letter-spacing: normal; font-family: 'Helvetica Neue', Helvetica, Arial, sans-serif; font-size: 13px; font-style: normal; font-weight: 400; word-spacing: 0px; float: none; display: inline !important; white-space: normal; orphans: 2; widows: 2; background-color: #ffffff; font-variant-ligatures: normal; font-variant-caps: normal; -webkit-text-stroke-width: 0px; text-decoration-thickness: initial; text-decoration-style: initial; text-decoration-color: initial;">Sucre, amidon de maïs, farine de blé, œufs en poudre, arôme, colorant : curcumine, extrait naturel de vanille.<br />
Allergènes : Lait, soja, céréales et œufs.<br />
</span></p>

<p>Ingrédients : Sucre, amidon de maïs, farine de blé, œufs en poudre, arôme, colorant : curcumine, extrait naturel de vanille. Allergènes : Lait, soja, céréales et œufs.</p>
