{"id":7611,"date":"2021-09-16T11:46:24","date_gmt":"2021-09-16T09:46:24","guid":{"rendered":"https:\/\/dom-polski.fr\/?post_type=product&#038;p=7611"},"modified":"2023-10-16T16:42:59","modified_gmt":"2023-10-16T14:42:59","slug":"puree-avec-boules-de-viande-aux-oignons-53-g-knorr","status":"publish","type":"product","link":"https:\/\/dom-polski.fr\/index.php\/product\/puree-avec-boules-de-viande-aux-oignons-53-g-knorr\/","title":{"rendered":"Pur\u00e9e avec boules de viande aux oignons 53 g Knorr"},"content":{"rendered":"<p><span style=\"color: #64686c; font-size: small;\">Ingr\u00e9dients : Pommes de terre (61 %), graisse de palme, boulettes de viande (9,4 %) [b\u0153uf, chapelure (farine de bl\u00e9, levure, sel), blanc d&rsquo;\u0153uf, oignon, huile de palme, sel (dont sel marin), extrait de levure, farine de bl\u00e9 , poivre, ail, extrait de muscade] ;<\/span><span style=\"color: #64686c; font-size: small;\">\u00a0<\/span><span style=\"color: #64686c; text-transform: none; text-indent: 0px; letter-spacing: normal; font-family: 'Helvetica Neue', Helvetica, Arial, sans-serif; font-size: 13px; font-style: normal; font-weight: 400; word-spacing: 0px; vertical-align: inherit; white-space: normal; orphans: 2; widows: 2; background-color: #ffffff; font-variant-ligatures: normal; font-variant-caps: normal; -webkit-text-stroke-width: 0px; text-decoration-thickness: initial; text-decoration-style: initial; text-decoration-color: initial;\">oignon (5,2 %) (dont r\u00f4ti (4,9 %)), lard fum\u00e9 (2,8 %) (poitrine de porc, sel) ;<span style=\"font-size: small;\">\u00a0<\/span><\/span><span style=\"color: #64686c; text-transform: none; text-indent: 0px; letter-spacing: normal; font-family: 'Helvetica Neue', Helvetica, Arial, sans-serif; font-size: 13px; font-style: normal; font-weight: 400; word-spacing: 0px; vertical-align: inherit; white-space: normal; orphans: 2; widows: 2; background-color: #ffffff; font-variant-ligatures: normal; font-variant-caps: normal; -webkit-text-stroke-width: 0px; text-decoration-thickness: initial; text-decoration-style: initial; text-decoration-color: initial;\">sirop de glucose, ar\u00f4mes, extrait de levure, prot\u00e9ines de lait, huile de tournesol, sel, ciboulette, \u00e9mulsifiant : mono- et diglyc\u00e9rides d&rsquo;acides gras, lait \u00e9cr\u00e9m\u00e9, jus concentr\u00e9 de : c\u00e9leri, carotte, poireau, oignon ;<span style=\"font-size: small;\">\u00a0<\/span><\/span><span style=\"color: #64686c; text-transform: none; text-indent: 0px; letter-spacing: normal; font-family: 'Helvetica Neue', Helvetica, Arial, sans-serif; font-size: 13px; font-style: normal; font-weight: 400; word-spacing: 0px; vertical-align: inherit; white-space: normal; orphans: 2; widows: 2; background-color: #ffffff; font-variant-ligatures: normal; font-variant-caps: normal; -webkit-text-stroke-width: 0px; text-decoration-thickness: initial; text-decoration-style: initial; text-decoration-color: initial;\">Safran des Indes.<br \/>\nAllerg\u00e8nes : Lait, \u0153ufs, c\u00e9r\u00e9ales et c\u00e9leri. <\/span><\/p>\n","protected":false},"excerpt":{"rendered":"<p>Ingr\u00e9dients : Pommes de terre (61 %), graisse de palme, boulettes de viande (9,4 %) [b\u0153uf, chapelure (farine de bl\u00e9, levure, sel), blanc d&rsquo;\u0153uf, oignon, huile de palme, sel (dont <a class=\"more-link\" href=\"https:\/\/dom-polski.fr\/index.php\/product\/puree-avec-boules-de-viande-aux-oignons-53-g-knorr\/\">Afficher la suite \u2192<\/a><\/p>\n","protected":false},"featured_media":7612,"comment_status":"open","ping_status":"closed","template":"","meta":{"spay_email":"","jetpack_publicize_message":"","jetpack_is_tweetstorm":false},"aioseo_notices":[],"jetpack_publicize_connections":[],"jetpack_likes_enabled":false,"_links":{"self":[{"href":"https:\/\/dom-polski.fr\/index.php\/wp-json\/wp\/v2\/product\/7611"}],"collection":[{"href":"https:\/\/dom-polski.fr\/index.php\/wp-json\/wp\/v2\/product"}],"about":[{"href":"https:\/\/dom-polski.fr\/index.php\/wp-json\/wp\/v2\/types\/product"}],"replies":[{"embeddable":true,"href":"https:\/\/dom-polski.fr\/index.php\/wp-json\/wp\/v2\/comments?post=7611"}],"wp:featuredmedia":[{"embeddable":true,"href":"https:\/\/dom-polski.fr\/index.php\/wp-json\/wp\/v2\/media\/7612"}],"wp:attachment":[{"href":"https:\/\/dom-polski.fr\/index.php\/wp-json\/wp\/v2\/media?parent=7611"}],"curies":[{"name":"wp","href":"https:\/\/api.w.org\/{rel}","templated":true}]}}