{"id":7485,"date":"2021-07-01T11:54:25","date_gmt":"2021-07-01T09:54:25","guid":{"rendered":"https:\/\/dom-polski.fr\/?post_type=product&#038;p=7485"},"modified":"2025-01-19T13:02:38","modified_gmt":"2025-01-19T12:02:38","slug":"epices-pour-pommes-de-terre-et-frites-25-g-prymat","status":"publish","type":"product","link":"https:\/\/dom-polski.fr\/index.php\/product\/epices-pour-pommes-de-terre-et-frites-25-g-prymat\/","title":{"rendered":"Epices pour pommes de terre et frites 25 g Prymat"},"content":{"rendered":"<p><span style=\"color: #64686c; font-size: small;\">Ingr\u00e9dients : sel, ail, fruit de coriandre, piment doux, oignon, cumin, marjolaine, feuilles de fenouil, sarriette, graines de fenouil, poivre noir, piment.<\/span><span style=\"color: #64686c; font-size: small;\">\u00a0<\/span><span class=\"goog-text-highlight\" style=\"color: #64686c; text-transform: none; text-indent: 0px; letter-spacing: normal; font-family: 'Helvetica Neue', Helvetica, Arial, sans-serif; font-size: 13px; font-style: normal; font-weight: 400; word-spacing: 0px; vertical-align: inherit; white-space: normal; position: relative; box-sizing: border-box; orphans: 2; widows: 2; box-shadow: 2px 2px 4px #9999aa; background-color: #c9d7f1; font-variant-ligatures: normal; font-variant-caps: normal; -webkit-text-stroke-width: 0px; text-decoration-thickness: initial; text-decoration-style: initial; text-decoration-color: initial;\">le produit peut contenir des c\u00e9r\u00e9ales contenant du gluten, des \u0153ufs, du lait (y compris du lactose), du soja, de la moutarde, du c\u00e9leri, des arachides et du s\u00e9same.<\/span><\/p>\n","protected":false},"excerpt":{"rendered":"<p>Ingr\u00e9dients : sel, ail, fruit de coriandre, piment doux, oignon, cumin, marjolaine, feuilles de fenouil, sarriette, graines de fenouil, poivre noir, piment.\u00a0le produit peut contenir des c\u00e9r\u00e9ales contenant du gluten, <a class=\"more-link\" href=\"https:\/\/dom-polski.fr\/index.php\/product\/epices-pour-pommes-de-terre-et-frites-25-g-prymat\/\">Afficher la suite \u2192<\/a><\/p>\n","protected":false},"featured_media":7486,"comment_status":"open","ping_status":"closed","template":"","meta":{"spay_email":"","jetpack_publicize_message":"","jetpack_is_tweetstorm":false},"aioseo_notices":[],"jetpack_publicize_connections":[],"jetpack_likes_enabled":false,"_links":{"self":[{"href":"https:\/\/dom-polski.fr\/index.php\/wp-json\/wp\/v2\/product\/7485"}],"collection":[{"href":"https:\/\/dom-polski.fr\/index.php\/wp-json\/wp\/v2\/product"}],"about":[{"href":"https:\/\/dom-polski.fr\/index.php\/wp-json\/wp\/v2\/types\/product"}],"replies":[{"embeddable":true,"href":"https:\/\/dom-polski.fr\/index.php\/wp-json\/wp\/v2\/comments?post=7485"}],"wp:featuredmedia":[{"embeddable":true,"href":"https:\/\/dom-polski.fr\/index.php\/wp-json\/wp\/v2\/media\/7486"}],"wp:attachment":[{"href":"https:\/\/dom-polski.fr\/index.php\/wp-json\/wp\/v2\/media?parent=7485"}],"curies":[{"name":"wp","href":"https:\/\/api.w.org\/{rel}","templated":true}]}}

<p><span style="color: #64686c; font-size: small;">Ingrédients : sel, ail, fruit de coriandre, piment doux, oignon, cumin, marjolaine, feuilles de fenouil, sarriette, graines de fenouil, poivre noir, piment.</span><span style="color: #64686c; font-size: small;"> </span><span class="goog-text-highlight" style="color: #64686c; text-transform: none; text-indent: 0px; letter-spacing: normal; font-family: 'Helvetica Neue', Helvetica, Arial, sans-serif; font-size: 13px; font-style: normal; font-weight: 400; word-spacing: 0px; vertical-align: inherit; white-space: normal; position: relative; box-sizing: border-box; orphans: 2; widows: 2; box-shadow: 2px 2px 4px #9999aa; background-color: #c9d7f1; font-variant-ligatures: normal; font-variant-caps: normal; -webkit-text-stroke-width: 0px; text-decoration-thickness: initial; text-decoration-style: initial; text-decoration-color: initial;">le produit peut contenir des céréales contenant du gluten, des œufs, du lait (y compris du lactose), du soja, de la moutarde, du céleri, des arachides et du sésame.</span></p>

<p>Ingrédients : sel, ail, fruit de coriandre, piment doux, oignon, cumin, marjolaine, feuilles de fenouil, sarriette, graines de fenouil, poivre noir, piment. le produit peut contenir des céréales contenant du gluten, <a class="more-link" href="https://dom-polski.fr/index.php/product/epices-pour-pommes-de-terre-et-frites-25-g-prymat/">Afficher la suite →</a></p>
