{"id":7433,"date":"2021-06-30T15:43:04","date_gmt":"2021-06-30T13:43:04","guid":{"rendered":"https:\/\/dom-polski.fr\/?post_type=product&#038;p=7433"},"modified":"2023-08-14T10:00:59","modified_gmt":"2023-08-14T08:00:59","slug":"feuille-de-laurier-sechee-6-g-prymat","status":"publish","type":"product","link":"https:\/\/dom-polski.fr\/index.php\/product\/feuille-de-laurier-sechee-6-g-prymat\/","title":{"rendered":"Feuille de laurier s\u00e9ch\u00e9e 6 g Prymat"},"content":{"rendered":"<p><span style=\"font-family: arial, helvetica, sans-serif;\">Ingr\u00e9dients : Feuill<span style=\"color: #64686c; font-size: small;\">e de laurier.<\/span><span style=\"color: #64686c; font-size: small;\">\u00a0<\/span><span class=\"goog-text-highlight\" style=\"color: #64686c; text-transform: none; text-indent: 0px; letter-spacing: normal; font-size: 13px; font-style: normal; word-spacing: 0px; vertical-align: inherit; white-space: normal; position: relative; box-sizing: border-box; orphans: 2; widows: 2; box-shadow: #9999aa 2px 2px 4px; background-color: #c9d7f1; font-variant-ligatures: normal; font-variant-caps: normal; -webkit-text-stroke-width: 0px; text-decoration-thickness: initial; text-decoration-style: initial; text-decoration-color: initial;\">le produit peut contenir : de la moutarde, du lait (y compris du lactose), des \u0153ufs, du soja et du gluten qui sont utilis\u00e9s dans la plante.<\/span><\/span><\/p>\n","protected":false},"excerpt":{"rendered":"<p><span style=\"color: #64686c; text-transform: none; text-indent: 0px; letter-spacing: normal; font-family: 'Helvetica Neue', Helvetica, Arial, sans-serif; font-size: 12px; font-style: normal; font-weight: 400; word-spacing: 0px; float: none; display: inline !important; white-space: normal; orphans: 2; widows: 2; background-color: #c9d7f1; font-variant-ligatures: normal; font-variant-caps: normal; -webkit-text-stroke-width: 0px; text-decoration-thickness: initial; text-decoration-style: initial; text-decoration-color: initial;\">La feuille de laurier Prymat est le produit de la meilleure qualit\u00e9 utilis\u00e9 pour pr\u00e9parer de d\u00e9licieux plats parfaitement compos\u00e9s. La feuille de laurier s\u00e9ch\u00e9e a un go\u00fbt tr\u00e8s agr\u00e9able et une odeur \u00e9pic\u00e9e-amer. D&rsquo;une part, c&rsquo;est une \u00e9pice phare de la cuisine polonaise : bigos, soupes et rago\u00fbts, et d&rsquo;autre part, elle s&rsquo;accorde parfaitement avec les plats indiens. Les feuilles de laurier sont rarement utilis\u00e9es comme \u00e9pice principale d&rsquo;un plat. Ils sont le plus souvent utilis\u00e9s dans les marinades pour la viande, le gibier, le hareng et les l\u00e9gumes. Ils sont utilis\u00e9s pour garnir les rago\u00fbts, les soupes et les sauces. Ils sont ajout\u00e9s \u00e0 la soupe de pommes de terre, \u00e0 la farce de p\u00e2t\u00e9, au curry et \u00e0 la soupe de poisson. La proportion id\u00e9ale pour utiliser l&rsquo;\u00e9pice est de 1 feuille pour 4 portions. Les feuilles peuvent \u00eatre bouillies dans du lait pour parfumer les cr\u00e8mes et le riz au lait. Les pots de riz peuvent \u00eatre compl\u00e9t\u00e9s par des feuilles de laurier pour cr\u00e9er un ar\u00f4me caract\u00e9ristique.<\/span><\/p>\n<p>&nbsp; <a class=\"more-link\" href=\"https:\/\/dom-polski.fr\/index.php\/product\/feuille-de-laurier-sechee-6-g-prymat\/\">Afficher la suite \u2192<\/a><\/p>\n","protected":false},"featured_media":7434,"comment_status":"open","ping_status":"closed","template":"","meta":{"spay_email":"","jetpack_publicize_message":"","jetpack_is_tweetstorm":false},"aioseo_notices":[],"jetpack_publicize_connections":[],"jetpack_likes_enabled":false,"_links":{"self":[{"href":"https:\/\/dom-polski.fr\/index.php\/wp-json\/wp\/v2\/product\/7433"}],"collection":[{"href":"https:\/\/dom-polski.fr\/index.php\/wp-json\/wp\/v2\/product"}],"about":[{"href":"https:\/\/dom-polski.fr\/index.php\/wp-json\/wp\/v2\/types\/product"}],"replies":[{"embeddable":true,"href":"https:\/\/dom-polski.fr\/index.php\/wp-json\/wp\/v2\/comments?post=7433"}],"wp:featuredmedia":[{"embeddable":true,"href":"https:\/\/dom-polski.fr\/index.php\/wp-json\/wp\/v2\/media\/7434"}],"wp:attachment":[{"href":"https:\/\/dom-polski.fr\/index.php\/wp-json\/wp\/v2\/media?parent=7433"}],"curies":[{"name":"wp","href":"https:\/\/api.w.org\/{rel}","templated":true}]}}