{"id":7310,"date":"2021-05-19T16:08:55","date_gmt":"2021-05-19T14:08:55","guid":{"rendered":"https:\/\/dom-polski.fr\/?post_type=product&#038;p=7310"},"modified":"2024-09-10T20:41:03","modified_gmt":"2024-09-10T18:41:03","slug":"marjelaine-kamis","status":"publish","type":"product","link":"https:\/\/dom-polski.fr\/index.php\/product\/marjelaine-kamis\/","title":{"rendered":"Marjelaine Kamis"},"content":{"rendered":"<p>Ingr\u00e9dients : Marjolaine frott\u00e9e.<br \/>\nAllerg\u00e8nes : Le produit peut contenir des c\u00e9r\u00e9ales contenant du gluten, des oeufs, du lait (y compris du lactose), du soja, du c\u00e9leri, des arachides et du s\u00e9same.<br \/>\nConseil d&rsquo;utilisation : Conserver de pr\u00e9f\u00e9rence avant le : voir date indiqu\u00e9e sur l&#8217;emballage.<br \/>\nPoids net : _ g<\/p>\n","protected":false},"excerpt":{"rendered":"<p>Ingr\u00e9dients : Marjolaine frott\u00e9e. Allerg\u00e8nes : Le produit peut contenir des c\u00e9r\u00e9ales contenant du gluten, des oeufs, du lait (y compris du lactose), du soja, du c\u00e9leri, des arachides et <a class=\"more-link\" href=\"https:\/\/dom-polski.fr\/index.php\/product\/marjelaine-kamis\/\">Afficher la suite \u2192<\/a><\/p>\n","protected":false},"featured_media":7107,"comment_status":"open","ping_status":"closed","template":"","meta":{"spay_email":"","jetpack_publicize_message":"","jetpack_is_tweetstorm":false},"aioseo_notices":[],"jetpack_publicize_connections":[],"jetpack_likes_enabled":false,"_links":{"self":[{"href":"https:\/\/dom-polski.fr\/index.php\/wp-json\/wp\/v2\/product\/7310"}],"collection":[{"href":"https:\/\/dom-polski.fr\/index.php\/wp-json\/wp\/v2\/product"}],"about":[{"href":"https:\/\/dom-polski.fr\/index.php\/wp-json\/wp\/v2\/types\/product"}],"replies":[{"embeddable":true,"href":"https:\/\/dom-polski.fr\/index.php\/wp-json\/wp\/v2\/comments?post=7310"}],"wp:featuredmedia":[{"embeddable":true,"href":"https:\/\/dom-polski.fr\/index.php\/wp-json\/wp\/v2\/media\/7107"}],"wp:attachment":[{"href":"https:\/\/dom-polski.fr\/index.php\/wp-json\/wp\/v2\/media?parent=7310"}],"curies":[{"name":"wp","href":"https:\/\/api.w.org\/{rel}","templated":true}]}}