{"id":7159,"date":"2021-04-22T11:13:02","date_gmt":"2021-04-22T09:13:02","guid":{"rendered":"https:\/\/dom-polski.fr\/?post_type=product&#038;p=7159"},"modified":"2024-12-03T15:22:35","modified_gmt":"2024-12-03T14:22:35","slug":"confiture-deglantier-235-g-lowicz","status":"publish","type":"product","link":"https:\/\/dom-polski.fr\/index.php\/product\/confiture-deglantier-235-g-lowicz\/","title":{"rendered":"Confiture d&rsquo;\u00e9glantier 235 g Lowicz"},"content":{"rendered":"<p>Ingr\u00e9dients : Rose sauvage 47 %, sucres d\u00e9riv\u00e9s de fruits, pur\u00e9e de pomme 12 %, jus de pomme concentr\u00e9 10 %, jus de citron concentr\u00e9 pur la correction du go\u00fbt aigre, substance g\u00e9lifiante &#8211; pectine.<\/p>\n<p>Valeurs nutritionnelles pour 100 g : Energie-calories : 624,00 kJ\/147,00 kcal, mati\u00e8res grasses : 0.50 g, dont acides gras satur\u00e9s : 0,50 g, glucides : 4,00 g, dont sucres : 32,0 g, prot\u00e9ines : 0,40 g, sel : 0,00 g.<\/p>\n","protected":false},"excerpt":{"rendered":"<p>Ingr\u00e9dients : Rose sauvage 47 %, sucres d\u00e9riv\u00e9s de fruits, pur\u00e9e de pomme 12 %, jus de pomme concentr\u00e9 10 %, jus de citron concentr\u00e9 pur la correction du go\u00fbt <a class=\"more-link\" href=\"https:\/\/dom-polski.fr\/index.php\/product\/confiture-deglantier-235-g-lowicz\/\">Afficher la suite \u2192<\/a><\/p>\n","protected":false},"featured_media":4646,"comment_status":"open","ping_status":"closed","template":"","meta":{"spay_email":"","jetpack_publicize_message":"","jetpack_is_tweetstorm":false},"aioseo_notices":[],"jetpack_publicize_connections":[],"jetpack_likes_enabled":false,"_links":{"self":[{"href":"https:\/\/dom-polski.fr\/index.php\/wp-json\/wp\/v2\/product\/7159"}],"collection":[{"href":"https:\/\/dom-polski.fr\/index.php\/wp-json\/wp\/v2\/product"}],"about":[{"href":"https:\/\/dom-polski.fr\/index.php\/wp-json\/wp\/v2\/types\/product"}],"replies":[{"embeddable":true,"href":"https:\/\/dom-polski.fr\/index.php\/wp-json\/wp\/v2\/comments?post=7159"}],"wp:featuredmedia":[{"embeddable":true,"href":"https:\/\/dom-polski.fr\/index.php\/wp-json\/wp\/v2\/media\/4646"}],"wp:attachment":[{"href":"https:\/\/dom-polski.fr\/index.php\/wp-json\/wp\/v2\/media?parent=7159"}],"curies":[{"name":"wp","href":"https:\/\/api.w.org\/{rel}","templated":true}]}}