{"id":6636,"date":"2021-03-18T11:44:46","date_gmt":"2021-03-18T10:44:46","guid":{"rendered":"https:\/\/dom-polski.fr\/?post_type=product&#038;p=6636"},"modified":"2023-08-13T13:51:57","modified_gmt":"2023-08-13T11:51:57","slug":"sac-polska-folklore-grandes-oreilles","status":"publish","type":"product","link":"https:\/\/dom-polski.fr\/index.php\/product\/sac-polska-folklore-grandes-oreilles\/","title":{"rendered":"Tote bag Polska folklore (grandes oreilles)"},"content":{"rendered":"<div class=\"woocommerce-tabs wc-tabs-wrapper\">\n<div id=\"tab-description\" class=\"woocommerce-Tabs-panel woocommerce-Tabs-panel--description panel entry-content wc-tab\" role=\"tabpanel\" aria-labelledby=\"tab-title-description\">\n<p><strong>Sac en coton avec l\u2019impression \u00ab Folklor Polska \u00bb<\/strong><\/p>\n<ul>\n<li><strong>Couleur :<\/strong>\u00a0\u00e9cru naturel<\/li>\n<\/ul>\n<p><strong>\u00c0 propos de nos sacs :<\/strong><\/p>\n<ul>\n<li><span class=\"goog-text-highlight\">taille 38 cm x 42 cm, longueur des oreilles environ 33 cm<\/span><\/li>\n<li>100 % coton \u2013 coton brut<\/li>\n<li>140 g\/m\u00b2<\/li>\n<li>point de croix aux poign\u00e9es pour le renforcement<\/li>\n<li>coutures lat\u00e9rales de l\u2019enveloppe pour \u00e9viter le r\u00e9tr\u00e9cissement<\/li>\n<\/ul>\n<p>Les sacs sont repass\u00e9s, n\u2019ont pas de plis, ce qui les rend tr\u00e8s esth\u00e9tiques.<br \/>\nLa longueur de la poign\u00e9e vous permet de porter le sac dans votre main et sur votre \u00e9paule.<br \/>\nImpression permanente, couleurs vives et satur\u00e9es.\u00a0Nous recommandons un lavage \u00e0 l\u2019envers et \u00e0 une temp\u00e9rature ne d\u00e9passant pas 30\u00b0C.<\/p>\n<\/div>\n<\/div>\n<section class=\"related products\">\n<h2>Produits apparent\u00e9s<\/h2>\n<\/section>\n","protected":false},"excerpt":{"rendered":"<p>Sac en coton avec l\u2019impression \u00ab Folklor Polska \u00bb Couleur :\u00a0\u00e9cru naturel \u00c0 propos de nos sacs : taille 38 cm x 42 cm, longueur des oreilles environ 33 cm <a class=\"more-link\" href=\"https:\/\/dom-polski.fr\/index.php\/product\/sac-polska-folklore-grandes-oreilles\/\">Afficher la suite \u2192<\/a><\/p>\n","protected":false},"featured_media":6633,"comment_status":"open","ping_status":"closed","template":"","meta":{"spay_email":"","jetpack_publicize_message":"","jetpack_is_tweetstorm":false},"aioseo_notices":[],"jetpack_publicize_connections":[],"jetpack_likes_enabled":false,"_links":{"self":[{"href":"https:\/\/dom-polski.fr\/index.php\/wp-json\/wp\/v2\/product\/6636"}],"collection":[{"href":"https:\/\/dom-polski.fr\/index.php\/wp-json\/wp\/v2\/product"}],"about":[{"href":"https:\/\/dom-polski.fr\/index.php\/wp-json\/wp\/v2\/types\/product"}],"replies":[{"embeddable":true,"href":"https:\/\/dom-polski.fr\/index.php\/wp-json\/wp\/v2\/comments?post=6636"}],"wp:featuredmedia":[{"embeddable":true,"href":"https:\/\/dom-polski.fr\/index.php\/wp-json\/wp\/v2\/media\/6633"}],"wp:attachment":[{"href":"https:\/\/dom-polski.fr\/index.php\/wp-json\/wp\/v2\/media?parent=6636"}],"curies":[{"name":"wp","href":"https:\/\/api.w.org\/{rel}","templated":true}]}}

<div class="woocommerce-tabs wc-tabs-wrapper">
<div id="tab-description" class="woocommerce-Tabs-panel woocommerce-Tabs-panel--description panel entry-content wc-tab" role="tabpanel" aria-labelledby="tab-title-description">
<p><strong>Sac en coton avec l’impression « Folklor Polska »</strong></p>
<ul>
<li><strong>Couleur :</strong> écru naturel</li>
</ul>
<p><strong>À propos de nos sacs :</strong></p>
<ul>
<li><span class="goog-text-highlight">taille 38 cm x 42 cm, longueur des oreilles environ 33 cm</span></li>
<li>100 % coton – coton brut</li>
<li>140 g/m²</li>
<li>point de croix aux poignées pour le renforcement</li>
<li>coutures latérales de l’enveloppe pour éviter le rétrécissement</li>
</ul>
<p>Les sacs sont repassés, n’ont pas de plis, ce qui les rend très esthétiques.<br />
La longueur de la poignée vous permet de porter le sac dans votre main et sur votre épaule.<br />
Impression permanente, couleurs vives et saturées. Nous recommandons un lavage à l’envers et à une température ne dépassant pas 30°C.</p>
</div>
</div>
<section class="related products">
<h2>Produits apparentés</h2>
</section>

<p>Sac en coton avec l’impression « Folklor Polska » Couleur : écru naturel À propos de nos sacs : taille 38 cm x 42 cm, longueur des oreilles environ 33 cm <a class="more-link" href="https://dom-polski.fr/index.php/product/sac-polska-folklore-grandes-oreilles/">Afficher la suite →</a></p>
