{"id":6574,"date":"2021-03-10T17:25:24","date_gmt":"2021-03-10T16:25:24","guid":{"rendered":"https:\/\/dom-polski.fr\/?post_type=product&#038;p=6574"},"modified":"2026-04-13T15:34:45","modified_gmt":"2026-04-13T13:34:45","slug":"soupe-a-la-farine-sure-knorr-zurek-express-42-g","status":"publish","type":"product","link":"https:\/\/dom-polski.fr\/index.php\/product\/soupe-a-la-farine-sure-knorr-zurek-express-42-g\/","title":{"rendered":"Soupe \u00e0 la farine sure Knorr Zurek Express 42 g"},"content":{"rendered":"<table style=\"color: #313131; text-transform: none; letter-spacing: normal; font-family: 'Open Sans', Helvetica, Arial, sans-serif; font-size: 14px; font-style: normal; font-weight: 400; word-spacing: 0px; white-space: normal; border-collapse: collapse; box-sizing: border-box; border-spacing: 0px; orphans: 2; widows: 2; background-color: #ffffff; -webkit-text-stroke-width: 0px; font-variant-ligatures: normal; font-variant-caps: normal; text-decoration-thickness: initial; text-decoration-style: initial; text-decoration-color: initial;\">\n<tbody>\n<tr bgcolor=\"#e9e9e9\">\n<td width=\"45%\"><strong>valeurs nutritionnelles moyennes<\/strong><\/td>\n<td width=\"35%\"><strong>Par 100 grammes<\/strong><\/td>\n<td width=\"20%\"><\/td>\n<\/tr>\n<tr>\n<td><strong>\u00c9nergie:<\/strong><\/td>\n<td>90<\/td>\n<td>kJ<\/td>\n<\/tr>\n<tr bgcolor=\"#e9e9e9\">\n<td><strong>\u00c9nergie:<\/strong><\/td>\n<td>25e<\/td>\n<td>kcal<\/td>\n<\/tr>\n<tr>\n<td><strong>Gros:<\/strong><\/td>\n<td>0,5<\/td>\n<td>g<\/td>\n<\/tr>\n<tr bgcolor=\"#e9e9e9\">\n<td><strong>&#8211; dont: acides gras satur\u00e9s:<\/strong><\/td>\n<td>0,3<\/td>\n<td>g<\/td>\n<\/tr>\n<tr>\n<td><strong>Les glucides:<\/strong><\/td>\n<td>3,5<\/td>\n<td>g<\/td>\n<\/tr>\n<tr bgcolor=\"#e9e9e9\">\n<td><strong>&#8211; dont les sucres:<\/strong><\/td>\n<td>0,9<\/td>\n<td>g<\/td>\n<\/tr>\n<tr>\n<td><strong>Prot\u00e9ine:<\/strong><\/td>\n<td>0,6<\/td>\n<td>g<\/td>\n<\/tr>\n<tr bgcolor=\"#e9e9e9\">\n<td><strong>Le sel:<\/strong><\/td>\n<td>0,88<\/td>\n<td>g<\/td>\n<\/tr>\n<\/tbody>\n<\/table>\n<p><br style=\"color: #313131; text-transform: none; text-indent: 0px; letter-spacing: normal; font-family: 'Open Sans', Helvetica, Arial, sans-serif; font-size: 14px; font-style: normal; font-weight: 400; word-spacing: 0px; white-space: normal; box-sizing: border-box; orphans: 2; widows: 2; background-color: #ffffff; -webkit-text-stroke-width: 0px; font-variant-ligatures: normal; font-variant-caps: normal; text-decoration-thickness: initial; text-decoration-style: initial; text-decoration-color: initial;\" \/><span style=\"font-size: medium;\"><strong style=\"color: #313131; text-transform: none; text-indent: 0px; letter-spacing: normal; font-family: 'Open Sans', Helvetica, Arial, sans-serif; font-size: 14px; font-style: normal; font-weight: bold; word-spacing: 0px; white-space: normal; box-sizing: border-box; orphans: 2; widows: 2; background-color: #ffffff; -webkit-text-stroke-width: 0px; font-variant-ligatures: normal; font-variant-caps: normal; text-decoration-thickness: initial; text-decoration-style: initial; text-decoration-color: initial;\">Ingr\u00e9dients:<br \/>\n<\/strong><span style=\"color: #313131; text-transform: none; text-indent: 0px; letter-spacing: normal; font-family: 'Open Sans', Helvetica, Arial, sans-serif; font-size: 14px; font-style: normal; font-weight: 400; word-spacing: 0px; vertical-align: inherit; white-space: normal; box-sizing: border-box; orphans: 2; widows: 2; background-color: #ffffff; -webkit-text-stroke-width: 0px; font-variant-ligatures: normal; font-variant-caps: normal; text-decoration-thickness: initial; text-decoration-style: initial; text-decoration-color: initial;\">Farine: seigle (42%), bl\u00e9, sel, pommes de terre (8,5%), graisse de palme, sucre, maltodextrine, ar\u00f4mes (y compris bl\u00e9, orge), pr\u00e9paration de lactos\u00e9rum (lait), acide: acide citrique, extrait de levure, amidon , ail, poivre, lactose, c\u00e8pes (0,6%), jus de champignon concentr\u00e9 (0,6%), marjolaine,\u00a0levure\u00a0fum\u00e9e, ar\u00f4me de fum\u00e9e<\/span><br style=\"color: #313131; text-transform: none; text-indent: 0px; letter-spacing: normal; font-family: 'Open Sans', Helvetica, Arial, sans-serif; font-size: 14px; font-style: normal; font-weight: 400; word-spacing: 0px; white-space: normal; box-sizing: border-box; orphans: 2; widows: 2; background-color: #ffffff; -webkit-text-stroke-width: 0px; font-variant-ligatures: normal; font-variant-caps: normal; text-decoration-thickness: initial; text-decoration-style: initial; text-decoration-color: initial;\" \/><br style=\"color: #313131; text-transform: none; text-indent: 0px; letter-spacing: normal; font-family: 'Open Sans', Helvetica, Arial, sans-serif; font-size: 14px; font-style: normal; font-weight: 400; word-spacing: 0px; white-space: normal; box-sizing: border-box; orphans: 2; widows: 2; background-color: #ffffff; -webkit-text-stroke-width: 0px; font-variant-ligatures: normal; font-variant-caps: normal; text-decoration-thickness: initial; text-decoration-style: initial; text-decoration-color: initial;\" \/><strong style=\"color: #313131; text-transform: none; text-indent: 0px; letter-spacing: normal; font-family: 'Open Sans', Helvetica, Arial, sans-serif; font-style: normal; font-weight: bold; word-spacing: 0px; white-space: normal; box-sizing: border-box; orphans: 2; widows: 2; background-color: #ffffff; -webkit-text-stroke-width: 0px; font-variant-ligatures: normal; font-variant-caps: normal; text-decoration-thickness: initial; text-decoration-style: initial; text-decoration-color: initial;\">Allerg\u00e8nes:<\/strong><br style=\"color: #313131; text-transform: none; text-indent: 0px; letter-spacing: normal; font-family: 'Open Sans', Helvetica, Arial, sans-serif; font-size: 14px; font-style: normal; font-weight: 400; word-spacing: 0px; white-space: normal; box-sizing: border-box; orphans: 2; widows: 2; background-color: #ffffff; -webkit-text-stroke-width: 0px; font-variant-ligatures: normal; font-variant-caps: normal; text-decoration-thickness: initial; text-decoration-style: initial; text-decoration-color: initial;\" \/><span style=\"color: #313131; text-transform: none; text-indent: 0px; letter-spacing: normal; font-family: 'Open Sans', Helvetica, Arial, sans-serif; font-size: 14px; font-style: normal; font-weight: 400; word-spacing: 0px; vertical-align: inherit; white-space: normal; box-sizing: border-box; orphans: 2; widows: 2; background-color: #ffffff; -webkit-text-stroke-width: 0px; font-variant-ligatures: normal; font-variant-caps: normal; text-decoration-thickness: initial; text-decoration-style: initial; text-decoration-color: initial;\">Contient: bl\u00e9 contenant du gluten, lait, seigle, orge<\/span><br style=\"color: #313131; text-transform: none; text-indent: 0px; letter-spacing: normal; font-family: 'Open Sans', Helvetica, Arial, sans-serif; font-size: 14px; font-style: normal; font-weight: 400; word-spacing: 0px; white-space: normal; box-sizing: border-box; orphans: 2; widows: 2; background-color: #ffffff; -webkit-text-stroke-width: 0px; font-variant-ligatures: normal; font-variant-caps: normal; text-decoration-thickness: initial; text-decoration-style: initial; text-decoration-color: initial;\" \/><span style=\"color: #313131; text-transform: none; text-indent: 0px; letter-spacing: normal; font-family: 'Open Sans', Helvetica, Arial, sans-serif; font-size: 14px; font-style: normal; font-weight: 400; word-spacing: 0px; vertical-align: inherit; white-space: normal; box-sizing: border-box; orphans: 2; widows: 2; background-color: #ffffff; -webkit-text-stroke-width: 0px; font-variant-ligatures: normal; font-variant-caps: normal; text-decoration-thickness: initial; text-decoration-style: initial; text-decoration-color: initial;\">Peut contenir des traces de c\u00e9leri, \u0153ufs.\u00a0<\/span><\/span><\/p>\n","protected":false},"excerpt":{"rendered":"<p>valeurs nutritionnelles moyennes Par 100 grammes \u00c9nergie: 90 kJ \u00c9nergie: 25e kcal Gros: 0,5 g &#8211; dont: acides gras satur\u00e9s: 0,3 g Les glucides: 3,5 g &#8211; dont les sucres: <a class=\"more-link\" href=\"https:\/\/dom-polski.fr\/index.php\/product\/soupe-a-la-farine-sure-knorr-zurek-express-42-g\/\">Afficher la suite \u2192<\/a><\/p>\n","protected":false},"featured_media":6575,"comment_status":"open","ping_status":"closed","template":"","meta":{"spay_email":"","jetpack_publicize_message":"","jetpack_is_tweetstorm":false},"aioseo_notices":[],"jetpack_publicize_connections":[],"jetpack_likes_enabled":false,"_links":{"self":[{"href":"https:\/\/dom-polski.fr\/index.php\/wp-json\/wp\/v2\/product\/6574"}],"collection":[{"href":"https:\/\/dom-polski.fr\/index.php\/wp-json\/wp\/v2\/product"}],"about":[{"href":"https:\/\/dom-polski.fr\/index.php\/wp-json\/wp\/v2\/types\/product"}],"replies":[{"embeddable":true,"href":"https:\/\/dom-polski.fr\/index.php\/wp-json\/wp\/v2\/comments?post=6574"}],"wp:featuredmedia":[{"embeddable":true,"href":"https:\/\/dom-polski.fr\/index.php\/wp-json\/wp\/v2\/media\/6575"}],"wp:attachment":[{"href":"https:\/\/dom-polski.fr\/index.php\/wp-json\/wp\/v2\/media?parent=6574"}],"curies":[{"name":"wp","href":"https:\/\/api.w.org\/{rel}","templated":true}]}}