{"id":6525,"date":"2021-03-10T10:42:18","date_gmt":"2021-03-10T09:42:18","guid":{"rendered":"https:\/\/dom-polski.fr\/?post_type=product&#038;p=6525"},"modified":"2024-04-01T20:01:59","modified_gmt":"2024-04-01T18:01:59","slug":"betterave-au-raifort-cwikla-z-chrzanem-370-ml-rolnik","status":"publish","type":"product","link":"https:\/\/dom-polski.fr\/index.php\/product\/betterave-au-raifort-cwikla-z-chrzanem-370-ml-rolnik\/","title":{"rendered":"Betterave au raifort \u00a0\u00bbCwikla z Chrzanem\u00a0\u00bb 370 ml Rolnik"},"content":{"rendered":"<p><span style=\"color: #313131; font-size: medium;\">Betterave au raifort Rolnik est une salade l\u00e9g\u00e8rement \u00e9pic\u00e9e connue depuis des si\u00e8cles et \u00e0 base de betterave polonaise bouillie et r\u00e2p\u00e9e avec du raifort aromatique, du vinaigre, du sucre et du sel.<\/span><span style=\"color: #313131; font-size: medium;\">\u00a0<\/span><span style=\"color: #313131; text-transform: none; text-indent: 0px; letter-spacing: normal; font-family: 'Open Sans', Helvetica, Arial, sans-serif; font-size: 14px; font-style: normal; font-weight: 400; word-spacing: 0px; vertical-align: inherit; white-space: normal; box-sizing: border-box; orphans: 2; widows: 2; background-color: #ffffff; font-variant-ligatures: normal; font-variant-caps: normal; -webkit-text-stroke-width: 0px; text-decoration-thickness: initial; text-decoration-style: initial; text-decoration-color: initial;\">Des convives de betteraves aussi bien les jours f\u00e9ri\u00e9s qu&rsquo;\u00e0 la table de tous les jours, parfaitement assortis aux diff\u00e9rents types de saucisses, g\u00e2teaux, poissons et \u0153ufs.<span style=\"font-size: medium;\">\u00a0<\/span><\/span><span style=\"color: #313131; text-transform: none; text-indent: 0px; letter-spacing: normal; font-family: 'Open Sans', Helvetica, Arial, sans-serif; font-size: 14px; font-style: normal; font-weight: 400; word-spacing: 0px; vertical-align: inherit; white-space: normal; box-sizing: border-box; orphans: 2; widows: 2; background-color: #ffffff; font-variant-ligatures: normal; font-variant-caps: normal; -webkit-text-stroke-width: 0px; text-decoration-thickness: initial; text-decoration-style: initial; text-decoration-color: initial;\">C&rsquo;est un compl\u00e9ment v\u00e9g\u00e9tal obligatoire \u00e0 la viande, en particulier dans les plats polonais.<\/span><\/p>\n<table style=\"color: #313131; text-transform: none; letter-spacing: normal; font-family: 'Open Sans', Helvetica, Arial, sans-serif; font-size: 14px; font-style: normal; font-weight: 400; word-spacing: 0px; white-space: normal; border-collapse: collapse; box-sizing: border-box; border-spacing: 0px; orphans: 2; widows: 2; background-color: #ffffff; font-variant-ligatures: normal; font-variant-caps: normal; -webkit-text-stroke-width: 0px; text-decoration-thickness: initial; text-decoration-style: initial; text-decoration-color: initial;\">\n<tbody>\n<tr>\n<td><strong>Valeurs nutritionnelles moyennes<\/strong><\/td>\n<td><strong>Pour 100 g<\/strong><\/td>\n<td><\/td>\n<\/tr>\n<tr>\n<td><strong>\u00c9nergie :<\/strong><\/td>\n<td>281<\/td>\n<td>kJ<\/td>\n<\/tr>\n<tr>\n<td><strong>\u00c9nergie :<\/strong><\/td>\n<td>66<\/td>\n<td>kcal<\/td>\n<\/tr>\n<tr>\n<td><strong>Mati\u00e8res grasses :<\/strong><\/td>\n<td>0,5<\/td>\n<td>g<\/td>\n<\/tr>\n<tr>\n<td><strong>&#8211; dont : acides gras satur\u00e9s :<\/strong><\/td>\n<td>0,1<\/td>\n<td>g<\/td>\n<\/tr>\n<tr>\n<td><strong>Glucides :<\/strong><\/td>\n<td>12\u00e8me<\/td>\n<td>g<\/td>\n<\/tr>\n<tr>\n<td><strong>&#8211; dont sucres :<\/strong><\/td>\n<td>11<\/td>\n<td>g<\/td>\n<\/tr>\n<tr>\n<td><strong>Prot\u00e9ine :<\/strong><\/td>\n<td>2<\/td>\n<td>g<\/td>\n<\/tr>\n<tr>\n<td><strong>Sel :<\/strong><\/td>\n<td>0,75<\/td>\n<td>g<\/td>\n<\/tr>\n<\/tbody>\n<\/table>\n<p style=\"margin: 0px 0px 10px; color: #313131; text-transform: none; text-indent: 0px; letter-spacing: normal; font-family: 'Open Sans', Helvetica, Arial, sans-serif; font-size: 14px; font-style: normal; font-weight: 400; word-spacing: 0px; white-space: normal; box-sizing: border-box; orphans: 2; widows: 2; background-color: #ffffff; font-variant-ligatures: normal; font-variant-caps: normal; -webkit-text-stroke-width: 0px; text-decoration-thickness: initial; text-decoration-style: initial; text-decoration-color: initial;\"><span style=\"font-size: medium;\"><strong>Ingr\u00e9dients et allerg\u00e8nes :<\/strong><br \/>\nBetterave (60 %), raifort (20 %), eau, vinaigre d&rsquo;alcool, sucre, sel.<\/span><\/p>\n<p><strong>Informations de stockage :<\/strong><br \/>\nConserver dans un endroit sec, \u00e0 l&rsquo;abri de la lumi\u00e8re et \u00e0 temp\u00e9rature ambiante.\u00a0Conserver au r\u00e9frig\u00e9rateur apr\u00e8s ouverture.<\/p>\n","protected":false},"excerpt":{"rendered":"<p>Betterave au raifort Rolnik est une salade l\u00e9g\u00e8rement \u00e9pic\u00e9e connue depuis des si\u00e8cles et \u00e0 base de betterave polonaise bouillie et r\u00e2p\u00e9e avec du raifort aromatique, du vinaigre, du sucre <a class=\"more-link\" href=\"https:\/\/dom-polski.fr\/index.php\/product\/betterave-au-raifort-cwikla-z-chrzanem-370-ml-rolnik\/\">Afficher la suite \u2192<\/a><\/p>\n","protected":false},"featured_media":6526,"comment_status":"open","ping_status":"closed","template":"","meta":{"spay_email":"","jetpack_publicize_message":"","jetpack_is_tweetstorm":false},"aioseo_notices":[],"jetpack_publicize_connections":[],"jetpack_likes_enabled":false,"_links":{"self":[{"href":"https:\/\/dom-polski.fr\/index.php\/wp-json\/wp\/v2\/product\/6525"}],"collection":[{"href":"https:\/\/dom-polski.fr\/index.php\/wp-json\/wp\/v2\/product"}],"about":[{"href":"https:\/\/dom-polski.fr\/index.php\/wp-json\/wp\/v2\/types\/product"}],"replies":[{"embeddable":true,"href":"https:\/\/dom-polski.fr\/index.php\/wp-json\/wp\/v2\/comments?post=6525"}],"wp:featuredmedia":[{"embeddable":true,"href":"https:\/\/dom-polski.fr\/index.php\/wp-json\/wp\/v2\/media\/6526"}],"wp:attachment":[{"href":"https:\/\/dom-polski.fr\/index.php\/wp-json\/wp\/v2\/media?parent=6525"}],"curies":[{"name":"wp","href":"https:\/\/api.w.org\/{rel}","templated":true}]}}