{"id":6355,"date":"2021-02-17T10:47:54","date_gmt":"2021-02-17T09:47:54","guid":{"rendered":"https:\/\/dom-polski.fr\/?post_type=product&#038;p=6355"},"modified":"2021-02-17T10:47:54","modified_gmt":"2021-02-17T09:47:54","slug":"lot-de-50-ouvre-bouteilles-babouchka","status":"publish","type":"product","link":"https:\/\/dom-polski.fr\/index.php\/product\/lot-de-50-ouvre-bouteilles-babouchka\/","title":{"rendered":"Lot de 50 ouvre-bouteilles babouchka"},"content":{"rendered":"<p>Lot de 50 ouvre-bouteilles<br \/>\nDimension hauteur : 6,50 cm<br \/>\nDimension poup\u00e9e : 4,50 cm<br \/>\nMati\u00e8res poup\u00e9e : Bois<\/p>\n","protected":false},"excerpt":{"rendered":"<p>Lot de 50 ouvre-bouteilles Dimension hauteur : 6,50 cm Dimension poup\u00e9e : 4,50 cm Mati\u00e8res poup\u00e9e : Bois<\/p>\n","protected":false},"featured_media":6356,"comment_status":"open","ping_status":"closed","template":"","meta":{"spay_email":"","jetpack_publicize_message":"","jetpack_is_tweetstorm":false},"aioseo_notices":[],"jetpack_publicize_connections":[],"jetpack_likes_enabled":false,"_links":{"self":[{"href":"https:\/\/dom-polski.fr\/index.php\/wp-json\/wp\/v2\/product\/6355"}],"collection":[{"href":"https:\/\/dom-polski.fr\/index.php\/wp-json\/wp\/v2\/product"}],"about":[{"href":"https:\/\/dom-polski.fr\/index.php\/wp-json\/wp\/v2\/types\/product"}],"replies":[{"embeddable":true,"href":"https:\/\/dom-polski.fr\/index.php\/wp-json\/wp\/v2\/comments?post=6355"}],"wp:featuredmedia":[{"embeddable":true,"href":"https:\/\/dom-polski.fr\/index.php\/wp-json\/wp\/v2\/media\/6356"}],"wp:attachment":[{"href":"https:\/\/dom-polski.fr\/index.php\/wp-json\/wp\/v2\/media?parent=6355"}],"curies":[{"name":"wp","href":"https:\/\/api.w.org\/{rel}","templated":true}]}}