{"id":6219,"date":"2021-02-02T11:06:56","date_gmt":"2021-02-02T10:06:56","guid":{"rendered":"https:\/\/dom-polski.fr\/?post_type=product&#038;p=6219"},"modified":"2023-08-08T16:33:11","modified_gmt":"2023-08-08T14:33:11","slug":"melange-depices-bigos-ragout-a-la-choucroute-et-plats-au-chou-prymat-20-g","status":"publish","type":"product","link":"https:\/\/dom-polski.fr\/index.php\/product\/melange-depices-bigos-ragout-a-la-choucroute-et-plats-au-chou-prymat-20-g\/","title":{"rendered":"M\u00e9lange d&rsquo;\u00e9pices Bigos (rago\u00fbt \u00e0 la choucroute) et plats au chou Prymat 20 g"},"content":{"rendered":"<p><span style=\"color: #777777; text-transform: none; text-indent: 0px; letter-spacing: normal; font-family: 'Open Sans', sans-serif; font-size: 13px; font-style: normal; font-weight: 400; word-spacing: 0px; float: none; display: inline !important; white-space: normal; orphans: 2; widows: 2; background-color: #ffffff; font-variant-ligatures: normal; font-variant-caps: normal; -webkit-text-stroke-width: 0px; text-decoration-thickness: initial; text-decoration-style: initial; text-decoration-color: initial;\">Parmi tous les plats consid\u00e9r\u00e9s comme typiquement polonais, le bigos occupe une place d&rsquo;honneur. Les principaux ingr\u00e9dients du bigos polonais sont la choucroute finement hach\u00e9e, les types divers de viande et de charcuterie, les champignons s\u00e9ch\u00e9s, les pruneaux, les oignons et les \u00e9pices.<\/span><\/p>\n<p style=\"margin: 0px; padding: 0px 0px 9px; border: 0px #dddddd; color: #777777; text-transform: none; line-height: inherit; text-indent: 0px; letter-spacing: normal; font-family: 'Open Sans', sans-serif; font-size: 13px; font-style: normal; font-weight: 400; word-spacing: 0px; vertical-align: baseline; white-space: normal; box-sizing: border-box; orphans: 2; widows: 2; font-stretch: inherit; background-color: #ffffff; font-variant-ligatures: normal; font-variant-caps: normal; -webkit-text-stroke-width: 0px; text-decoration-thickness: initial; text-decoration-style: initial; text-decoration-color: initial; font-variant-numeric: inherit; font-variant-east-asian: inherit;\"><strong>Ingr\u00e9dients :<\/strong> Sel, ail, poivron, carvi, sucre, oignon, gen\u00e9vrier,<span style=\"font-family: Arial; font-size: small;\">\u00a0<\/span><b>moutarde blanche<\/b>, coriandre, curcuma, romarin, laurier, marjolaine, piment de la Jama\u00efque, poivre noir, chili ; le produit contient du dioxyde de soufre d\u00e9riv\u00e9 de l&rsquo;ail et de l&rsquo;oignon.<\/p>\n<p>Allerg\u00e8nes : Contient du dioxyde de soufre provenant de l&rsquo;ail et les oignons, de la moutarde. Le produit peut contenir des c\u00e9r\u00e9ales contenant du gluten, des ouefs, du lait (y compris du lactose), du soja, du c\u00e9leri, des arachides et du s\u00e9same.<\/p>\n","protected":false},"excerpt":{"rendered":"<p>Parmi tous les plats consid\u00e9r\u00e9s comme typiquement polonais, le bigos occupe une place d&rsquo;honneur. Les principaux ingr\u00e9dients du bigos polonais sont la choucroute finement hach\u00e9e, les types divers de viande <a class=\"more-link\" href=\"https:\/\/dom-polski.fr\/index.php\/product\/melange-depices-bigos-ragout-a-la-choucroute-et-plats-au-chou-prymat-20-g\/\">Afficher la suite \u2192<\/a><\/p>\n","protected":false},"featured_media":6220,"comment_status":"open","ping_status":"closed","template":"","meta":{"spay_email":"","jetpack_publicize_message":"","jetpack_is_tweetstorm":false},"aioseo_notices":[],"jetpack_publicize_connections":[],"jetpack_likes_enabled":false,"_links":{"self":[{"href":"https:\/\/dom-polski.fr\/index.php\/wp-json\/wp\/v2\/product\/6219"}],"collection":[{"href":"https:\/\/dom-polski.fr\/index.php\/wp-json\/wp\/v2\/product"}],"about":[{"href":"https:\/\/dom-polski.fr\/index.php\/wp-json\/wp\/v2\/types\/product"}],"replies":[{"embeddable":true,"href":"https:\/\/dom-polski.fr\/index.php\/wp-json\/wp\/v2\/comments?post=6219"}],"wp:featuredmedia":[{"embeddable":true,"href":"https:\/\/dom-polski.fr\/index.php\/wp-json\/wp\/v2\/media\/6220"}],"wp:attachment":[{"href":"https:\/\/dom-polski.fr\/index.php\/wp-json\/wp\/v2\/media?parent=6219"}],"curies":[{"name":"wp","href":"https:\/\/api.w.org\/{rel}","templated":true}]}}