{"id":6202,"date":"2021-02-02T10:14:08","date_gmt":"2021-02-02T09:14:08","guid":{"rendered":"https:\/\/dom-polski.fr\/?post_type=product&#038;p=6202"},"modified":"2023-08-13T15:54:41","modified_gmt":"2023-08-13T13:54:41","slug":"mug-folklore-fleurs","status":"publish","type":"product","link":"https:\/\/dom-polski.fr\/index.php\/product\/mug-folklore-fleurs\/","title":{"rendered":"Mug folklore \u00ab\u00a0Fleurs\u00a0\u00bb"},"content":{"rendered":"<p><span style=\"font-family: Verdana; font-size: medium;\">Un mug souvenir \u00ab\u00a0Fleurs polonaises\u00a0\u00bb<\/span><\/p>\n<ul>\n<li><span style=\"font-family: Verdana;\"><span style=\"font-size: medium;\">Motif :<\/span><span style=\"font-size: medium;\">\u00a0<\/span><span style=\"font-size: medium;\">motif folklorique traditionnel avec de la dentelle, l&rsquo;inscription \u00ab\u00a0Polska\u00a0\u00bb.<\/span><\/span><\/li>\n<li><span style=\"font-family: Verdana;\"><span style=\"font-size: medium;\">Couleur :<\/span><span style=\"font-size: medium;\">\u00a0<\/span><span style=\"font-size: medium;\">blanc<\/span><\/span><\/li>\n<li><span style=\"font-family: Verdana;\"><span style=\"font-size: medium;\">Mat\u00e9riel :<\/span><span style=\"font-size: medium;\">\u00a0<\/span><span style=\"font-size: medium;\">c\u00e9ramique<\/span><\/span><\/li>\n<\/ul>\n<p><span style=\"font-family: Verdana; font-size: medium;\">\u00c0 propos de nos tasses :<br \/>\n<\/span><span style=\"font-size: medium;\"><span style=\"font-family: Verdana;\">Un mug souvenir est l&rsquo;un des produits les plus populaires de notre offre.\u00a0Le produit est fabriqu\u00e9 en c\u00e9ramique de porcelaine de la plus haute qualit\u00e9, d\u00e9cor\u00e9e avec la m\u00e9thode de sublimation.\u00a0Gr\u00e2ce \u00e0 un rev\u00eatement sp\u00e9cial, l&rsquo;impression sur la tasse r\u00e9siste au lavage au lave-vaisselle.<\/span><\/span><\/p>\n<ul>\n<li><span style=\"font-family: Verdana; font-size: medium;\">Capacit\u00e9 : 330 ml<\/span><\/li>\n<li><span style=\"font-family: Verdana; font-size: medium;\">Hauteur : 97 mm<\/span><\/li>\n<li><span style=\"font-family: Verdana; font-size: medium;\">Diam\u00e8tre : 80 mm<\/span><\/li>\n<li><span style=\"font-family: Verdana; font-size: medium;\">Mat\u00e9riel : c\u00e9ramique<\/span><\/li>\n<\/ul>\n","protected":false},"excerpt":{"rendered":"<p>Un mug souvenir \u00ab\u00a0Fleurs polonaises\u00a0\u00bb Motif :\u00a0motif folklorique traditionnel avec de la dentelle, l&rsquo;inscription \u00ab\u00a0Polska\u00a0\u00bb. Couleur :\u00a0blanc Mat\u00e9riel :\u00a0c\u00e9ramique \u00c0 propos de nos tasses : Un mug souvenir est l&rsquo;un <a class=\"more-link\" href=\"https:\/\/dom-polski.fr\/index.php\/product\/mug-folklore-fleurs\/\">Afficher la suite \u2192<\/a><\/p>\n","protected":false},"featured_media":6204,"comment_status":"open","ping_status":"closed","template":"","meta":{"spay_email":"","jetpack_publicize_message":"","jetpack_is_tweetstorm":false},"aioseo_notices":[],"jetpack_publicize_connections":[],"jetpack_likes_enabled":false,"_links":{"self":[{"href":"https:\/\/dom-polski.fr\/index.php\/wp-json\/wp\/v2\/product\/6202"}],"collection":[{"href":"https:\/\/dom-polski.fr\/index.php\/wp-json\/wp\/v2\/product"}],"about":[{"href":"https:\/\/dom-polski.fr\/index.php\/wp-json\/wp\/v2\/types\/product"}],"replies":[{"embeddable":true,"href":"https:\/\/dom-polski.fr\/index.php\/wp-json\/wp\/v2\/comments?post=6202"}],"wp:featuredmedia":[{"embeddable":true,"href":"https:\/\/dom-polski.fr\/index.php\/wp-json\/wp\/v2\/media\/6204"}],"wp:attachment":[{"href":"https:\/\/dom-polski.fr\/index.php\/wp-json\/wp\/v2\/media?parent=6202"}],"curies":[{"name":"wp","href":"https:\/\/api.w.org\/{rel}","templated":true}]}}

<p><span style="font-family: Verdana; font-size: medium;">Un mug souvenir « Fleurs polonaises »</span></p>
<ul>
<li><span style="font-family: Verdana;"><span style="font-size: medium;">Motif :</span><span style="font-size: medium;"> </span><span style="font-size: medium;">motif folklorique traditionnel avec de la dentelle, l&rsquo;inscription « Polska ».</span></span></li>
<li><span style="font-family: Verdana;"><span style="font-size: medium;">Couleur :</span><span style="font-size: medium;"> </span><span style="font-size: medium;">blanc</span></span></li>
<li><span style="font-family: Verdana;"><span style="font-size: medium;">Matériel :</span><span style="font-size: medium;"> </span><span style="font-size: medium;">céramique</span></span></li>
</ul>
<p><span style="font-family: Verdana; font-size: medium;">À propos de nos tasses :<br />
</span><span style="font-size: medium;"><span style="font-family: Verdana;">Un mug souvenir est l&rsquo;un des produits les plus populaires de notre offre. Le produit est fabriqué en céramique de porcelaine de la plus haute qualité, décorée avec la méthode de sublimation. Grâce à un revêtement spécial, l&rsquo;impression sur la tasse résiste au lavage au lave-vaisselle.</span></span></p>
<ul>
<li><span style="font-family: Verdana; font-size: medium;">Capacité : 330 ml</span></li>
<li><span style="font-family: Verdana; font-size: medium;">Hauteur : 97 mm</span></li>
<li><span style="font-family: Verdana; font-size: medium;">Diamètre : 80 mm</span></li>
<li><span style="font-family: Verdana; font-size: medium;">Matériel : céramique</span></li>
</ul>

<p>Un mug souvenir « Fleurs polonaises » Motif : motif folklorique traditionnel avec de la dentelle, l&rsquo;inscription « Polska ». Couleur : blanc Matériel : céramique À propos de nos tasses : Un mug souvenir est l&rsquo;un <a class="more-link" href="https://dom-polski.fr/index.php/product/mug-folklore-fleurs/">Afficher la suite →</a></p>
