{"id":6047,"date":"2021-01-04T10:59:41","date_gmt":"2021-01-04T09:59:41","guid":{"rendered":"https:\/\/dom-polski.fr\/?post_type=product&#038;p=6047"},"modified":"2024-05-02T13:37:56","modified_gmt":"2024-05-02T11:37:56","slug":"filets-de-hareng-a-la-sauce-tomate-graal-170-g","status":"publish","type":"product","link":"https:\/\/dom-polski.fr\/index.php\/product\/filets-de-hareng-a-la-sauce-tomate-graal-170-g\/","title":{"rendered":"Filets de hareng \u00e0 la sauce tomate Graal 170 g"},"content":{"rendered":"<p style=\"margin: 0px; padding: 0px 0px 9px; border: 0px #dddddd; color: #777777; text-transform: none; line-height: inherit; text-indent: 0px; letter-spacing: normal; font-family: 'Open Sans', sans-serif; font-size: 13px; font-style: normal; font-weight: 400; word-spacing: 0px; vertical-align: baseline; white-space: normal; box-sizing: border-box; orphans: 2; widows: 2; font-stretch: inherit; background-color: #ffffff; font-variant-ligatures: normal; font-variant-caps: normal; -webkit-text-stroke-width: 0px; text-decoration-thickness: initial; text-decoration-style: initial; text-decoration-color: initial; font-variant-numeric: inherit; font-variant-east-asian: inherit;\">Ingr\u00e9dients : 60 % filets de<span style=\"font-family: Arial; font-size: small;\">\u00a0<\/span><b>hareng<span style=\"font-family: Arial; font-size: small;\">\u00a0<\/span><\/b>(Clupea harengus), sauce tomate (40 %) &#8211; eau, p\u00e2te de tomate (10 %), sucre, huile de colza, amidon modifi\u00e9, vinaigre d&rsquo;alcool, sel, tomates en poudre, oignon s\u00e9ch\u00e9, extraits d&rsquo;\u00e9pices (poivre, piment de la Jama\u00efque, persil,<span style=\"font-family: Arial; font-size: small;\">\u00a0<\/span><b>c\u00e9leri<\/b>, clou de girofle, piment)), \u00e9pices, \u00e9paississants (gomme de guar, gomme de xanthane), extrait de paprika, maltodextrine.<\/p>\n","protected":false},"excerpt":{"rendered":"<p>Ingr\u00e9dients : 60 % filets de\u00a0hareng\u00a0(Clupea harengus), sauce tomate (40 %) &#8211; eau, p\u00e2te de tomate (10 %), sucre, huile de colza, amidon modifi\u00e9, vinaigre d&rsquo;alcool, sel, tomates en poudre, <a class=\"more-link\" href=\"https:\/\/dom-polski.fr\/index.php\/product\/filets-de-hareng-a-la-sauce-tomate-graal-170-g\/\">Afficher la suite \u2192<\/a><\/p>\n","protected":false},"featured_media":6048,"comment_status":"open","ping_status":"closed","template":"","meta":{"spay_email":"","jetpack_publicize_message":"","jetpack_is_tweetstorm":false},"aioseo_notices":[],"jetpack_publicize_connections":[],"jetpack_likes_enabled":false,"_links":{"self":[{"href":"https:\/\/dom-polski.fr\/index.php\/wp-json\/wp\/v2\/product\/6047"}],"collection":[{"href":"https:\/\/dom-polski.fr\/index.php\/wp-json\/wp\/v2\/product"}],"about":[{"href":"https:\/\/dom-polski.fr\/index.php\/wp-json\/wp\/v2\/types\/product"}],"replies":[{"embeddable":true,"href":"https:\/\/dom-polski.fr\/index.php\/wp-json\/wp\/v2\/comments?post=6047"}],"wp:featuredmedia":[{"embeddable":true,"href":"https:\/\/dom-polski.fr\/index.php\/wp-json\/wp\/v2\/media\/6048"}],"wp:attachment":[{"href":"https:\/\/dom-polski.fr\/index.php\/wp-json\/wp\/v2\/media?parent=6047"}],"curies":[{"name":"wp","href":"https:\/\/api.w.org\/{rel}","templated":true}]}}