{"id":6005,"date":"2020-12-31T11:02:41","date_gmt":"2020-12-31T10:02:41","guid":{"rendered":"https:\/\/dom-polski.fr\/?post_type=product&#038;p=6005"},"modified":"2021-03-26T17:12:25","modified_gmt":"2021-03-26T16:12:25","slug":"arome-gateaux-a-la-vanille-dr-oetker-9-ml","status":"publish","type":"product","link":"https:\/\/dom-polski.fr\/index.php\/product\/arome-gateaux-a-la-vanille-dr-oetker-9-ml\/","title":{"rendered":"Ar\u00f4me g\u00e2teaux \u00e0 la vanille Dr. Oetker 9 ml"},"content":{"rendered":"<p style=\"margin: 0px; padding: 0px 0px 9px; border: 0px #dddddd; color: #777777; text-transform: none; line-height: inherit; text-indent: 0px; letter-spacing: normal; font-family: 'Open Sans', sans-serif; font-size: 13px; font-style: normal; font-weight: 400; word-spacing: 0px; vertical-align: baseline; white-space: normal; box-sizing: border-box; orphans: 2; widows: 2; font-stretch: inherit; background-color: #ffffff; font-variant-ligatures: normal; font-variant-caps: normal; -webkit-text-stroke-width: 0px; text-decoration-thickness: initial; text-decoration-style: initial; text-decoration-color: initial; font-variant-numeric: inherit; font-variant-east-asian: inherit;\">Ingr\u00e9dient : Huile de colza, ar\u00f4me.<\/p>\n","protected":false},"excerpt":{"rendered":"<p>Ingr\u00e9dient : Huile de colza, ar\u00f4me.<\/p>\n","protected":false},"featured_media":6006,"comment_status":"open","ping_status":"closed","template":"","meta":{"spay_email":"","jetpack_publicize_message":"","jetpack_is_tweetstorm":false},"aioseo_notices":[],"jetpack_publicize_connections":[],"jetpack_likes_enabled":false,"_links":{"self":[{"href":"https:\/\/dom-polski.fr\/index.php\/wp-json\/wp\/v2\/product\/6005"}],"collection":[{"href":"https:\/\/dom-polski.fr\/index.php\/wp-json\/wp\/v2\/product"}],"about":[{"href":"https:\/\/dom-polski.fr\/index.php\/wp-json\/wp\/v2\/types\/product"}],"replies":[{"embeddable":true,"href":"https:\/\/dom-polski.fr\/index.php\/wp-json\/wp\/v2\/comments?post=6005"}],"wp:featuredmedia":[{"embeddable":true,"href":"https:\/\/dom-polski.fr\/index.php\/wp-json\/wp\/v2\/media\/6006"}],"wp:attachment":[{"href":"https:\/\/dom-polski.fr\/index.php\/wp-json\/wp\/v2\/media?parent=6005"}],"curies":[{"name":"wp","href":"https:\/\/api.w.org\/{rel}","templated":true}]}}