{"id":5311,"date":"2020-09-30T16:22:47","date_gmt":"2020-09-30T14:22:47","guid":{"rendered":"https:\/\/dom-polski.fr\/?post_type=product&#038;p=5311"},"modified":"2025-03-10T23:12:28","modified_gmt":"2025-03-10T22:12:28","slug":"et-le-8eme-jour-dieu-crea-lapero-pour-empecher-les-polonais-de-controler-le-monde-homme","status":"publish","type":"product","link":"https:\/\/dom-polski.fr\/index.php\/product\/et-le-8eme-jour-dieu-crea-lapero-pour-empecher-les-polonais-de-controler-le-monde-homme\/","title":{"rendered":"Et le 8\u00e8me jour, Dieu cr\u00e9a l&rsquo;ap\u00e9ro pour emp\u00eacher les Polonais de contr\u00f4ler le monde (homme)"},"content":{"rendered":"","protected":false},"excerpt":{"rendered":"","protected":false},"featured_media":5291,"comment_status":"open","ping_status":"closed","template":"","meta":{"spay_email":"","jetpack_publicize_message":"","jetpack_is_tweetstorm":false},"aioseo_notices":[],"jetpack_publicize_connections":[],"jetpack_likes_enabled":false,"_links":{"self":[{"href":"https:\/\/dom-polski.fr\/index.php\/wp-json\/wp\/v2\/product\/5311"}],"collection":[{"href":"https:\/\/dom-polski.fr\/index.php\/wp-json\/wp\/v2\/product"}],"about":[{"href":"https:\/\/dom-polski.fr\/index.php\/wp-json\/wp\/v2\/types\/product"}],"replies":[{"embeddable":true,"href":"https:\/\/dom-polski.fr\/index.php\/wp-json\/wp\/v2\/comments?post=5311"}],"wp:featuredmedia":[{"embeddable":true,"href":"https:\/\/dom-polski.fr\/index.php\/wp-json\/wp\/v2\/media\/5291"}],"wp:attachment":[{"href":"https:\/\/dom-polski.fr\/index.php\/wp-json\/wp\/v2\/media?parent=5311"}],"curies":[{"name":"wp","href":"https:\/\/api.w.org\/{rel}","templated":true}]}}