{"id":518,"date":"2018-02-03T13:39:14","date_gmt":"2018-02-03T12:39:14","guid":{"rendered":"http:\/\/dom-polski.fr\/?post_type=product&#038;p=518"},"modified":"2023-08-13T15:27:21","modified_gmt":"2023-08-13T13:27:21","slug":"mug-polska-22","status":"publish","type":"product","link":"https:\/\/dom-polski.fr\/index.php\/product\/mug-polska-22\/","title":{"rendered":"Mug noir et blanc \u00ab\u00a0I Love PL\u00a0\u00bb"},"content":{"rendered":"<p><strong><span style=\"font-family: Verdana; font-size: medium;\">Mug en c\u00e9ramique noir et blanc avec les mots \u00ab\u00a0I LOVE PL\u00a0\u00bb<\/span><\/strong><\/p>\n<ul>\n<li><span style=\"font-family: Verdana;\"><strong><span style=\"font-size: medium;\">Motif :<\/span><\/strong><span style=\"font-size: medium;\">\u00a0<\/span><span style=\"font-size: medium;\">inscription \u00ab\u00a0I Love PL\u00a0\u00bb<\/span><\/span><\/li>\n<li><span style=\"font-family: Verdana;\"><strong><span style=\"font-size: medium;\">Couleur :<\/span><\/strong><span style=\"font-size: medium;\">\u00a0blanc-noir<\/span><\/span><\/li>\n<li><span style=\"font-family: Verdana;\"><strong><span style=\"font-size: medium;\">Mat\u00e9riel :<\/span><\/strong><span style=\"font-size: medium;\">\u00a0<\/span><span style=\"font-size: medium;\">c\u00e9ramique<\/span><\/span><\/li>\n<li><strong><span style=\"font-family: Verdana; font-size: medium;\">Convient pour le lavage au lave-vaisselle<\/span><\/strong><\/li>\n<\/ul>\n<p><strong><span style=\"font-family: Verdana; font-size: medium;\">\u00c0 propos de nos tasses :<br \/>\n<\/span><\/strong><span style=\"font-size: medium;\"><span style=\"font-family: Verdana;\">Un mug souvenir est l&rsquo;un des produits les plus populaires de notre offre.\u00a0Le produit est fait de c\u00e9ramiques en porcelaine de la plus haute qualit\u00e9.\u00a0Gr\u00e2ce \u00e0 un rev\u00eatement sp\u00e9cial, l&rsquo;impression sur la tasse r\u00e9siste au lavage au lave-vaisselle.<br \/>\nParfait pour un cadeau pour les invit\u00e9s \u00e9trangers ou un cadeau pour un fan de sport.<\/span><\/span><\/p>\n<ul>\n<li><span style=\"font-family: Verdana; font-size: medium;\">Capacit\u00e9: \u00a0330 ml<\/span><\/li>\n<li><span style=\"font-family: Verdana; font-size: medium;\">Hauteur : 92 mm<\/span><\/li>\n<\/ul>\n","protected":false},"excerpt":{"rendered":"<p>Mug en c\u00e9ramique noir et blanc avec les mots \u00ab\u00a0I LOVE PL\u00a0\u00bb Motif :\u00a0inscription \u00ab\u00a0I Love PL\u00a0\u00bb Couleur :\u00a0blanc-noir Mat\u00e9riel :\u00a0c\u00e9ramique Convient pour le lavage au lave-vaisselle \u00c0 propos de <a class=\"more-link\" href=\"https:\/\/dom-polski.fr\/index.php\/product\/mug-polska-22\/\">Afficher la suite \u2192<\/a><\/p>\n","protected":false},"featured_media":519,"comment_status":"open","ping_status":"closed","template":"","meta":{"spay_email":"","jetpack_publicize_message":"","jetpack_is_tweetstorm":false},"aioseo_notices":[],"jetpack_publicize_connections":[],"jetpack_likes_enabled":false,"_links":{"self":[{"href":"https:\/\/dom-polski.fr\/index.php\/wp-json\/wp\/v2\/product\/518"}],"collection":[{"href":"https:\/\/dom-polski.fr\/index.php\/wp-json\/wp\/v2\/product"}],"about":[{"href":"https:\/\/dom-polski.fr\/index.php\/wp-json\/wp\/v2\/types\/product"}],"replies":[{"embeddable":true,"href":"https:\/\/dom-polski.fr\/index.php\/wp-json\/wp\/v2\/comments?post=518"}],"wp:featuredmedia":[{"embeddable":true,"href":"https:\/\/dom-polski.fr\/index.php\/wp-json\/wp\/v2\/media\/519"}],"wp:attachment":[{"href":"https:\/\/dom-polski.fr\/index.php\/wp-json\/wp\/v2\/media?parent=518"}],"curies":[{"name":"wp","href":"https:\/\/api.w.org\/{rel}","templated":true}]}}

<p><strong><span style="font-family: Verdana; font-size: medium;">Mug en céramique noir et blanc avec les mots « I LOVE PL »</span></strong></p>
<ul>
<li><span style="font-family: Verdana;"><strong><span style="font-size: medium;">Motif :</span></strong><span style="font-size: medium;"> </span><span style="font-size: medium;">inscription « I Love PL »</span></span></li>
<li><span style="font-family: Verdana;"><strong><span style="font-size: medium;">Couleur :</span></strong><span style="font-size: medium;"> blanc-noir</span></span></li>
<li><span style="font-family: Verdana;"><strong><span style="font-size: medium;">Matériel :</span></strong><span style="font-size: medium;"> </span><span style="font-size: medium;">céramique</span></span></li>
<li><strong><span style="font-family: Verdana; font-size: medium;">Convient pour le lavage au lave-vaisselle</span></strong></li>
</ul>
<p><strong><span style="font-family: Verdana; font-size: medium;">À propos de nos tasses :<br />
</span></strong><span style="font-size: medium;"><span style="font-family: Verdana;">Un mug souvenir est l&rsquo;un des produits les plus populaires de notre offre. Le produit est fait de céramiques en porcelaine de la plus haute qualité. Grâce à un revêtement spécial, l&rsquo;impression sur la tasse résiste au lavage au lave-vaisselle.<br />
Parfait pour un cadeau pour les invités étrangers ou un cadeau pour un fan de sport.</span></span></p>
<ul>
<li><span style="font-family: Verdana; font-size: medium;">Capacité:  330 ml</span></li>
<li><span style="font-family: Verdana; font-size: medium;">Hauteur : 92 mm</span></li>
</ul>

<p>Mug en céramique noir et blanc avec les mots « I LOVE PL » Motif : inscription « I Love PL » Couleur : blanc-noir Matériel : céramique Convient pour le lavage au lave-vaisselle À propos de <a class="more-link" href="https://dom-polski.fr/index.php/product/mug-polska-22/">Afficher la suite →</a></p>
