{"id":5058,"date":"2020-09-24T21:30:43","date_gmt":"2020-09-24T19:30:43","guid":{"rendered":"https:\/\/dom-polski.fr\/?post_type=product&#038;p=5058"},"modified":"2021-11-28T18:08:26","modified_gmt":"2021-11-28T17:08:26","slug":"5058","status":"publish","type":"product","link":"https:\/\/dom-polski.fr\/index.php\/product\/5058\/","title":{"rendered":"Masque Polsce"},"content":{"rendered":"<p>\u26a0\ufe0f Attention \u26a0\ufe0f \u00a0Le produit sera envoy\u00e9 vers le 15 octobre 2020.<\/p>\n<p class=\"p1\"><span class=\"s1\">Etant donn\u00e9 que le site est programm\u00e9 en Colissimo, un remboursement sera effectu\u00e9. Lettre suivie \u00e0 1,56 \u20ac.<br \/>\n<\/span><span class=\"s1\">Masque de couleur : Blanc<br \/>\n<\/span><span class=\"s1\">Impression : Kocham Polsce (folklore)<br \/>\n<\/span>Norme : OEKO-TEX<br \/>\nMicrofibe : 100 g\/m2 face ext\u00e9rieur<br \/>\nCoton 100 %<br \/>\n<span class=\"s1\">Lavable \u00e0 60\u00b0 (25 fois pr\u00e9conis\u00e9s)<br \/>\n<\/span><span class=\"s1\">Fabrication : Pologne<\/span><\/p>\n","protected":false},"excerpt":{"rendered":"<p>\u26a0\ufe0f Attention \u26a0\ufe0f \u00a0Le produit sera envoy\u00e9 vers le 15 octobre 2020. Etant donn\u00e9 que le site est programm\u00e9 en Colissimo, un remboursement sera effectu\u00e9. Lettre suivie \u00e0 1,56 \u20ac. <a class=\"more-link\" href=\"https:\/\/dom-polski.fr\/index.php\/product\/5058\/\">Afficher la suite \u2192<\/a><\/p>\n","protected":false},"featured_media":5054,"comment_status":"open","ping_status":"closed","template":"","meta":{"spay_email":"","jetpack_publicize_message":"","jetpack_is_tweetstorm":false},"aioseo_notices":[],"jetpack_publicize_connections":[],"jetpack_likes_enabled":false,"_links":{"self":[{"href":"https:\/\/dom-polski.fr\/index.php\/wp-json\/wp\/v2\/product\/5058"}],"collection":[{"href":"https:\/\/dom-polski.fr\/index.php\/wp-json\/wp\/v2\/product"}],"about":[{"href":"https:\/\/dom-polski.fr\/index.php\/wp-json\/wp\/v2\/types\/product"}],"replies":[{"embeddable":true,"href":"https:\/\/dom-polski.fr\/index.php\/wp-json\/wp\/v2\/comments?post=5058"}],"wp:featuredmedia":[{"embeddable":true,"href":"https:\/\/dom-polski.fr\/index.php\/wp-json\/wp\/v2\/media\/5054"}],"wp:attachment":[{"href":"https:\/\/dom-polski.fr\/index.php\/wp-json\/wp\/v2\/media?parent=5058"}],"curies":[{"name":"wp","href":"https:\/\/api.w.org\/{rel}","templated":true}]}}