{"id":496,"date":"2018-02-03T13:19:20","date_gmt":"2018-02-03T12:19:20","guid":{"rendered":"http:\/\/dom-polski.fr\/?post_type=product&#038;p=496"},"modified":"2023-08-13T15:38:33","modified_gmt":"2023-08-13T13:38:33","slug":"mug-polska-13","status":"publish","type":"product","link":"https:\/\/dom-polski.fr\/index.php\/product\/mug-polska-13\/","title":{"rendered":"Mug Polska"},"content":{"rendered":"<p>Tasse de m\u00e9tal Carte de Pologne<br \/>\nCapacit\u00e9 : 400 ml<br \/>\nDiam\u00e8tre : 80 mm<br \/>\nHauteur : 75 mm<\/p>\n","protected":false},"excerpt":{"rendered":"<p>Tasse de m\u00e9tal Carte de Pologne Capacit\u00e9 : 400 ml Diam\u00e8tre : 80 mm Hauteur : 75 mm<\/p>\n","protected":false},"featured_media":497,"comment_status":"open","ping_status":"closed","template":"","meta":{"spay_email":"","jetpack_publicize_message":"","jetpack_is_tweetstorm":false},"aioseo_notices":[],"jetpack_publicize_connections":[],"jetpack_likes_enabled":false,"_links":{"self":[{"href":"https:\/\/dom-polski.fr\/index.php\/wp-json\/wp\/v2\/product\/496"}],"collection":[{"href":"https:\/\/dom-polski.fr\/index.php\/wp-json\/wp\/v2\/product"}],"about":[{"href":"https:\/\/dom-polski.fr\/index.php\/wp-json\/wp\/v2\/types\/product"}],"replies":[{"embeddable":true,"href":"https:\/\/dom-polski.fr\/index.php\/wp-json\/wp\/v2\/comments?post=496"}],"wp:featuredmedia":[{"embeddable":true,"href":"https:\/\/dom-polski.fr\/index.php\/wp-json\/wp\/v2\/media\/497"}],"wp:attachment":[{"href":"https:\/\/dom-polski.fr\/index.php\/wp-json\/wp\/v2\/media?parent=496"}],"curies":[{"name":"wp","href":"https:\/\/api.w.org\/{rel}","templated":true}]}}