{"id":4483,"date":"2020-06-05T16:40:54","date_gmt":"2020-06-05T14:40:54","guid":{"rendered":"https:\/\/dom-polski.fr\/?post_type=product&#038;p=4483"},"modified":"2022-04-01T17:28:36","modified_gmt":"2022-04-01T15:28:36","slug":"ecusson-polska-rouge","status":"publish","type":"product","link":"https:\/\/dom-polski.fr\/index.php\/product\/ecusson-polska-rouge\/","title":{"rendered":"\u00c9cusson Polska rouge"},"content":{"rendered":"<p>\u00c9cusson Polska brod\u00e9 rouge<\/p>\n","protected":false},"excerpt":{"rendered":"<p>\u00c9cusson Polska brod\u00e9 rouge<\/p>\n","protected":false},"featured_media":4404,"comment_status":"open","ping_status":"closed","template":"","meta":{"spay_email":"","jetpack_publicize_message":"","jetpack_is_tweetstorm":false},"aioseo_notices":[],"jetpack_publicize_connections":[],"jetpack_likes_enabled":false,"_links":{"self":[{"href":"https:\/\/dom-polski.fr\/index.php\/wp-json\/wp\/v2\/product\/4483"}],"collection":[{"href":"https:\/\/dom-polski.fr\/index.php\/wp-json\/wp\/v2\/product"}],"about":[{"href":"https:\/\/dom-polski.fr\/index.php\/wp-json\/wp\/v2\/types\/product"}],"replies":[{"embeddable":true,"href":"https:\/\/dom-polski.fr\/index.php\/wp-json\/wp\/v2\/comments?post=4483"}],"wp:featuredmedia":[{"embeddable":true,"href":"https:\/\/dom-polski.fr\/index.php\/wp-json\/wp\/v2\/media\/4404"}],"wp:attachment":[{"href":"https:\/\/dom-polski.fr\/index.php\/wp-json\/wp\/v2\/media?parent=4483"}],"curies":[{"name":"wp","href":"https:\/\/api.w.org\/{rel}","templated":true}]}}