{"id":4022,"date":"2020-04-06T17:09:13","date_gmt":"2020-04-06T15:09:13","guid":{"rendered":"https:\/\/dom-polski.fr\/?post_type=product&#038;p=4022"},"modified":"2021-10-07T15:25:21","modified_gmt":"2021-10-07T13:25:21","slug":"babouchka-bleue-7-pieces-2","status":"publish","type":"product","link":"https:\/\/dom-polski.fr\/index.php\/product\/babouchka-bleue-7-pieces-2\/","title":{"rendered":"Babouchka bleue (7 pi\u00e8ces)"},"content":{"rendered":"<p>Hauteur de la plus grande pi\u00e8ce : 19,00 cm<br \/>\nHauteur de la plus petite pi\u00e8ce : 10,00 cm<br \/>\nNombre de pi\u00e8ces : 7<br \/>\nMati\u00e8re : Bois<\/p>\n","protected":false},"excerpt":{"rendered":"<p>Hauteur de la plus grande pi\u00e8ce : 19,00 cm Hauteur de la plus petite pi\u00e8ce : 10,00 cm Nombre de pi\u00e8ces : 7 Mati\u00e8re : Bois<\/p>\n","protected":false},"featured_media":3995,"comment_status":"open","ping_status":"closed","template":"","meta":{"spay_email":"","jetpack_publicize_message":"","jetpack_is_tweetstorm":false},"aioseo_notices":[],"jetpack_publicize_connections":[],"jetpack_likes_enabled":false,"_links":{"self":[{"href":"https:\/\/dom-polski.fr\/index.php\/wp-json\/wp\/v2\/product\/4022"}],"collection":[{"href":"https:\/\/dom-polski.fr\/index.php\/wp-json\/wp\/v2\/product"}],"about":[{"href":"https:\/\/dom-polski.fr\/index.php\/wp-json\/wp\/v2\/types\/product"}],"replies":[{"embeddable":true,"href":"https:\/\/dom-polski.fr\/index.php\/wp-json\/wp\/v2\/comments?post=4022"}],"wp:featuredmedia":[{"embeddable":true,"href":"https:\/\/dom-polski.fr\/index.php\/wp-json\/wp\/v2\/media\/3995"}],"wp:attachment":[{"href":"https:\/\/dom-polski.fr\/index.php\/wp-json\/wp\/v2\/media?parent=4022"}],"curies":[{"name":"wp","href":"https:\/\/api.w.org\/{rel}","templated":true}]}}