{"id":3722,"date":"2020-03-28T15:28:23","date_gmt":"2020-03-28T14:28:23","guid":{"rendered":"https:\/\/dom-polski.fr\/?post_type=product&#038;p=3722"},"modified":"2026-04-13T15:38:16","modified_gmt":"2026-04-13T13:38:16","slug":"conserve-preparation-aux-pavot-raisins-secs-ecorces-dorange-bakkaland-850-g","status":"publish","type":"product","link":"https:\/\/dom-polski.fr\/index.php\/product\/conserve-preparation-aux-pavot-raisins-secs-ecorces-dorange-bakkaland-850-g\/","title":{"rendered":"Conserve pr\u00e9paration aux pavot, raisins secs, \u00e9corces d\u2019orange Bakkaland 850 g"},"content":{"rendered":"<p>Ingr\u00e9dients : Graines de pavot, sucr\u00e9, raisins secs, \u00e9corces d\u2019orage, noix (y compris le lactose), ar\u00f4mes, r\u00e9gulateur d\u2019acidit\u00e9 : acide citrique. Sans conservateur.<\/p>\n<p>Valeurs nutritionnelles pour 100 g.<br \/>\nEnergie-Calorie : 892 kj\/214 kcal, mati\u00e8res grasses : 9,60 g, dont acides gras satur\u00e9s : 1,60 g, glucides : 23 g, dont sucres : 21 g, fibres alimentaires : 7,40 g, prot\u00e9ines : 4,50 g, sel : 0,01 g.<\/p>\n<p>Allerg\u00e8nes : Contient du lait et produits d\u00e9riv\u00e9s (y compris le lactose), arachides et produits d\u00e9riv\u00e9s. Sans gluten.<br \/>\nPoids net : 850 g<br \/>\nConseil d\u2019utilisation : Conserver dans un endroit sec et frais, \u00e0 l\u2019abri de la chaleur et de la lumi\u00e8re.<br \/>\nConseil de pr\u00e9paration : Pr\u00eats \u00e0 l\u2019emploi pour vos p\u00e2tisseries et autres pr\u00e9parations.<\/p>\n<p>&nbsp;<\/p>\n","protected":false},"excerpt":{"rendered":"<p>Ingr\u00e9dients : Graines de pavot, sucr\u00e9, raisins secs, \u00e9corces d\u2019orage, noix (y compris le lactose), ar\u00f4mes, r\u00e9gulateur d\u2019acidit\u00e9 : acide citrique. Sans conservateur. Valeurs nutritionnelles pour 100 g. Energie-Calorie : <a class=\"more-link\" href=\"https:\/\/dom-polski.fr\/index.php\/product\/conserve-preparation-aux-pavot-raisins-secs-ecorces-dorange-bakkaland-850-g\/\">Afficher la suite \u2192<\/a><\/p>\n","protected":false},"featured_media":2048,"comment_status":"open","ping_status":"closed","template":"","meta":{"spay_email":"","jetpack_publicize_message":"","jetpack_is_tweetstorm":false},"aioseo_notices":[],"jetpack_publicize_connections":[],"jetpack_likes_enabled":false,"_links":{"self":[{"href":"https:\/\/dom-polski.fr\/index.php\/wp-json\/wp\/v2\/product\/3722"}],"collection":[{"href":"https:\/\/dom-polski.fr\/index.php\/wp-json\/wp\/v2\/product"}],"about":[{"href":"https:\/\/dom-polski.fr\/index.php\/wp-json\/wp\/v2\/types\/product"}],"replies":[{"embeddable":true,"href":"https:\/\/dom-polski.fr\/index.php\/wp-json\/wp\/v2\/comments?post=3722"}],"wp:featuredmedia":[{"embeddable":true,"href":"https:\/\/dom-polski.fr\/index.php\/wp-json\/wp\/v2\/media\/2048"}],"wp:attachment":[{"href":"https:\/\/dom-polski.fr\/index.php\/wp-json\/wp\/v2\/media?parent=3722"}],"curies":[{"name":"wp","href":"https:\/\/api.w.org\/{rel}","templated":true}]}}