{"id":2707,"date":"2019-07-11T10:56:33","date_gmt":"2019-07-11T08:56:33","guid":{"rendered":"https:\/\/dom-polski.fr\/?post_type=product&#038;p=2707"},"modified":"2025-08-19T19:25:34","modified_gmt":"2025-08-19T17:25:34","slug":"pain-depices-dusine-au-chocolat-avec-saveur-dabricot","status":"publish","type":"product","link":"https:\/\/dom-polski.fr\/index.php\/product\/pain-depices-dusine-au-chocolat-avec-saveur-dabricot\/","title":{"rendered":"Pain d&rsquo;\u00e9pices d&rsquo;usine au chocolat avec saveur d&rsquo;abricot"},"content":{"rendered":"<p>Ingr\u00e9dients\u00a0: Chocolat 23 % (sucre, liqueur de cacao, beurre de cacao, \u00e9mulsifiant: l\u00e9cithine (de soja), ar\u00f4me), farine de bl\u00e9, farce de bl\u00e9 21 % (compote de pommes, sucre, concentr\u00e9 d\u2019abricot 1 %, agent g\u00e9lifiant: pectine; r\u00e9gulateur d\u2019acidit\u00e9: acide citron, conservateur: sorbate de potassium, ar\u00f4me, couleur: curcumine), sucre, farine de seigle, amidon, couleur: caramel, agent levant: carbonates d&rsquo;ammonium, \u00e9pices, sel, r\u00e9gulateur d&rsquo;acidit\u00e9: acide citrique.<\/p>\n<p>Allerg\u00e8nes\u00a0: \u0152ufs, lait, noix, arachides, seigle, soja, bl\u00e9.<\/p>\n<p>Poids\u00a0: 145 g<\/p>\n","protected":false},"excerpt":{"rendered":"<p>Ingr\u00e9dients\u00a0: Chocolat 23 % (sucre, liqueur de cacao, beurre de cacao, \u00e9mulsifiant: l\u00e9cithine (de soja), ar\u00f4me), farine de bl\u00e9, farce de bl\u00e9 21 % (compote de pommes, sucre, concentr\u00e9 d\u2019abricot <a class=\"more-link\" href=\"https:\/\/dom-polski.fr\/index.php\/product\/pain-depices-dusine-au-chocolat-avec-saveur-dabricot\/\">Afficher la suite \u2192<\/a><\/p>\n","protected":false},"featured_media":2703,"comment_status":"open","ping_status":"closed","template":"","meta":{"spay_email":"","jetpack_publicize_message":"","jetpack_is_tweetstorm":false},"aioseo_notices":[],"jetpack_publicize_connections":[],"jetpack_likes_enabled":false,"_links":{"self":[{"href":"https:\/\/dom-polski.fr\/index.php\/wp-json\/wp\/v2\/product\/2707"}],"collection":[{"href":"https:\/\/dom-polski.fr\/index.php\/wp-json\/wp\/v2\/product"}],"about":[{"href":"https:\/\/dom-polski.fr\/index.php\/wp-json\/wp\/v2\/types\/product"}],"replies":[{"embeddable":true,"href":"https:\/\/dom-polski.fr\/index.php\/wp-json\/wp\/v2\/comments?post=2707"}],"wp:featuredmedia":[{"embeddable":true,"href":"https:\/\/dom-polski.fr\/index.php\/wp-json\/wp\/v2\/media\/2703"}],"wp:attachment":[{"href":"https:\/\/dom-polski.fr\/index.php\/wp-json\/wp\/v2\/media?parent=2707"}],"curies":[{"name":"wp","href":"https:\/\/api.w.org\/{rel}","templated":true}]}}