{"id":2076,"date":"2019-03-20T15:22:35","date_gmt":"2019-03-20T14:22:35","guid":{"rendered":"https:\/\/dom-polski.fr\/?post_type=product&#038;p=2076"},"modified":"2022-05-26T22:57:03","modified_gmt":"2022-05-26T20:57:03","slug":"tripes-de-porc-en-bouillon-pudliszki-500-gr","status":"publish","type":"product","link":"https:\/\/dom-polski.fr\/index.php\/product\/tripes-de-porc-en-bouillon-pudliszki-500-gr\/","title":{"rendered":"Tripes de porc en bouillon Pudliszki 500 gr"},"content":{"rendered":"<p>Ingr\u00e9dients :<br \/>\nEstomac de porc 50 %, eau, l\u00e9gumes (<b>c\u00e9leri<\/b>, persil, carotte, oignon), sel, huile de colza, assaisonnement liquide [eau, sel, hydrolysat de prot\u00e9ines de\u00a0<b>soja<\/b>, sucre, extrait de levure, r\u00e9gulateur d&rsquo;acidit\u00e9 (acide citrique), exhausteurs de go\u00fbt (5&prime;- ribonucl\u00e9otides disodiques) ; ar\u00f4mes], bouillon de poulet [maltodextrine, sel, sucre, huile de colza, l\u00e9gumes, \u00e9pices, extrait de levure, ar\u00f4me, exhausteurs de go\u00fbt (5&prime;- ribonucl\u00e9otides disodiques), r\u00e9gulateur d&rsquo;acidit\u00e9 (acide citrique)], \u00e9pices, ail s\u00e9ch\u00e9.<\/p>\n<p>Valeurs nutritionnelles pour 100 ml :<br \/>\nEnergie-Calorie : 259,00 kj\/62,00 kcal, mati\u00e8res grasses : 3,20 g, dont acides gras satur\u00e9s : 2,10 g, glucides : 1,50 g, dont sucres : 0,40 g, fibres alimentaires : 0,30 g, prot\u00e9ines : 6,60 g, sel : 0,80 g.<\/p>\n","protected":false},"excerpt":{"rendered":"<p>Ingr\u00e9dients : Estomac de porc 50 %, eau, l\u00e9gumes (c\u00e9leri, persil, carotte, oignon), sel, huile de colza, assaisonnement liquide [eau, sel, hydrolysat de prot\u00e9ines de\u00a0soja, sucre, extrait de levure, r\u00e9gulateur <a class=\"more-link\" href=\"https:\/\/dom-polski.fr\/index.php\/product\/tripes-de-porc-en-bouillon-pudliszki-500-gr\/\">Afficher la suite \u2192<\/a><\/p>\n","protected":false},"featured_media":2077,"comment_status":"open","ping_status":"closed","template":"","meta":{"spay_email":"","jetpack_publicize_message":"","jetpack_is_tweetstorm":false},"aioseo_notices":[],"jetpack_publicize_connections":[],"jetpack_likes_enabled":false,"_links":{"self":[{"href":"https:\/\/dom-polski.fr\/index.php\/wp-json\/wp\/v2\/product\/2076"}],"collection":[{"href":"https:\/\/dom-polski.fr\/index.php\/wp-json\/wp\/v2\/product"}],"about":[{"href":"https:\/\/dom-polski.fr\/index.php\/wp-json\/wp\/v2\/types\/product"}],"replies":[{"embeddable":true,"href":"https:\/\/dom-polski.fr\/index.php\/wp-json\/wp\/v2\/comments?post=2076"}],"wp:featuredmedia":[{"embeddable":true,"href":"https:\/\/dom-polski.fr\/index.php\/wp-json\/wp\/v2\/media\/2077"}],"wp:attachment":[{"href":"https:\/\/dom-polski.fr\/index.php\/wp-json\/wp\/v2\/media?parent=2076"}],"curies":[{"name":"wp","href":"https:\/\/api.w.org\/{rel}","templated":true}]}}