{"id":10313,"date":"2023-12-04T14:25:33","date_gmt":"2023-12-04T13:25:33","guid":{"rendered":"https:\/\/dom-polski.fr\/?post_type=product&#038;p=10313"},"modified":"2023-12-04T14:27:09","modified_gmt":"2023-12-04T13:27:09","slug":"tasse-lowicz-noir-350-ml","status":"publish","type":"product","link":"https:\/\/dom-polski.fr\/index.php\/product\/tasse-lowicz-noir-350-ml\/","title":{"rendered":"Tasse \u0141owicz noir 350 ml"},"content":{"rendered":"<p><strong>Tasse \u0141owicz noir 350 ml<\/strong><\/p>\n<p>Vous en avez marre de vos tasses ?\u00a0Vous souhaitez boire votre caf\u00e9 dans une autre tasse ?\u00a0Le nouveau mug Bogdan vient \u00e0 la rescousse \ud83d\ude09<\/p>\n<p><strong>Tasse Bogdan 350 ml &#8211; \u0142owicki noir :<\/strong><\/p>\n<ul>\n<li>Parfait pour un cadeau<\/li>\n<li>Cela fera sourire le destinataire<\/li>\n<li>Il se d\u00e9marquera sur la table<\/li>\n<li>Cela ajoutera de la couleur \u00e0 votre cuisine<\/li>\n<li>Une tasse spacieuse &#8211; vous ne manquerez pas de caf\u00e9 rapidement<\/li>\n<li>Votre th\u00e9 ou caf\u00e9 pr\u00e9f\u00e9r\u00e9 y est encore meilleur<\/li>\n<li>D\u00e9cor\u00e9 d&rsquo;un motif inspir\u00e9 des d\u00e9coupes de \u0141owicz<\/li>\n<\/ul>\n<p>Hauteur : 9 cm<br \/>\nDiam\u00e8tre : 9,50 cm<br \/>\nMati\u00e8re : C\u00e9ramique<\/p>\n","protected":false},"excerpt":{"rendered":"<p>Tasse \u0141owicz noir 350 ml Vous en avez marre de vos tasses ?\u00a0Vous souhaitez boire votre caf\u00e9 dans une autre tasse ?\u00a0Le nouveau mug Bogdan vient \u00e0 la rescousse \ud83d\ude09 <a class=\"more-link\" href=\"https:\/\/dom-polski.fr\/index.php\/product\/tasse-lowicz-noir-350-ml\/\">Afficher la suite \u2192<\/a><\/p>\n","protected":false},"featured_media":10314,"comment_status":"open","ping_status":"closed","template":"","meta":{"spay_email":"","jetpack_publicize_message":"","jetpack_is_tweetstorm":false},"aioseo_notices":[],"jetpack_publicize_connections":[],"jetpack_likes_enabled":false,"_links":{"self":[{"href":"https:\/\/dom-polski.fr\/index.php\/wp-json\/wp\/v2\/product\/10313"}],"collection":[{"href":"https:\/\/dom-polski.fr\/index.php\/wp-json\/wp\/v2\/product"}],"about":[{"href":"https:\/\/dom-polski.fr\/index.php\/wp-json\/wp\/v2\/types\/product"}],"replies":[{"embeddable":true,"href":"https:\/\/dom-polski.fr\/index.php\/wp-json\/wp\/v2\/comments?post=10313"}],"wp:featuredmedia":[{"embeddable":true,"href":"https:\/\/dom-polski.fr\/index.php\/wp-json\/wp\/v2\/media\/10314"}],"wp:attachment":[{"href":"https:\/\/dom-polski.fr\/index.php\/wp-json\/wp\/v2\/media?parent=10313"}],"curies":[{"name":"wp","href":"https:\/\/api.w.org\/{rel}","templated":true}]}}

Tasse Łowicz noir 350 ml

<p><strong>Tasse Łowicz noir 350 ml</strong></p>
<p>Vous en avez marre de vos tasses ? Vous souhaitez boire votre café dans une autre tasse ? Le nouveau mug Bogdan vient à la rescousse 😉</p>
<p><strong>Tasse Bogdan 350 ml &#8211; łowicki noir :</strong></p>
<ul>
<li>Parfait pour un cadeau</li>
<li>Cela fera sourire le destinataire</li>
<li>Il se démarquera sur la table</li>
<li>Cela ajoutera de la couleur à votre cuisine</li>
<li>Une tasse spacieuse &#8211; vous ne manquerez pas de café rapidement</li>
<li>Votre thé ou café préféré y est encore meilleur</li>
<li>Décoré d&rsquo;un motif inspiré des découpes de Łowicz</li>
</ul>
<p>Hauteur : 9 cm<br />
Diamètre : 9,50 cm<br />
Matière : Céramique</p>

<p>Tasse Łowicz noir 350 ml Vous en avez marre de vos tasses ? Vous souhaitez boire votre café dans une autre tasse ? Le nouveau mug Bogdan vient à la rescousse 😉 <a class="more-link" href="https://dom-polski.fr/index.php/product/tasse-lowicz-noir-350-ml/">Afficher la suite →</a></p>
