{"id":10135,"date":"2023-08-17T14:16:56","date_gmt":"2023-08-17T12:16:56","guid":{"rendered":"https:\/\/dom-polski.fr\/?post_type=product&#038;p=10135"},"modified":"2025-11-29T22:07:02","modified_gmt":"2025-11-29T21:07:02","slug":"saliere-et-poivriere-pologne","status":"publish","type":"product","link":"https:\/\/dom-polski.fr\/index.php\/product\/saliere-et-poivriere-pologne\/","title":{"rendered":"Sali\u00e8re et poivri\u00e8re Pologne"},"content":{"rendered":"<p><span>Ensemble compos\u00e9 d&rsquo;une sali\u00e8re et d&rsquo;une poivri\u00e8re d\u00e9cor\u00e9es d&rsquo;un aigle sur fond de drapeau et d&rsquo;un \u00e9cu aux couleurs nationales et du mot Polska.\u00a0Le produit est emball\u00e9 dans une bo\u00eete d\u00e9corative.<\/span><\/p>\n<p><span>Hauteur : 9 cm<\/span><\/p>\n","protected":false},"excerpt":{"rendered":"<p>Ensemble compos\u00e9 d&rsquo;une sali\u00e8re et d&rsquo;une poivri\u00e8re d\u00e9cor\u00e9es d&rsquo;un aigle sur fond de drapeau et d&rsquo;un \u00e9cu aux couleurs nationales et du mot Polska.\u00a0Le produit est emball\u00e9 dans une bo\u00eete <a class=\"more-link\" href=\"https:\/\/dom-polski.fr\/index.php\/product\/saliere-et-poivriere-pologne\/\">Afficher la suite \u2192<\/a><\/p>\n","protected":false},"featured_media":10136,"comment_status":"open","ping_status":"closed","template":"","meta":{"spay_email":"","jetpack_publicize_message":"","jetpack_is_tweetstorm":false},"aioseo_notices":[],"jetpack_publicize_connections":[],"jetpack_likes_enabled":false,"_links":{"self":[{"href":"https:\/\/dom-polski.fr\/index.php\/wp-json\/wp\/v2\/product\/10135"}],"collection":[{"href":"https:\/\/dom-polski.fr\/index.php\/wp-json\/wp\/v2\/product"}],"about":[{"href":"https:\/\/dom-polski.fr\/index.php\/wp-json\/wp\/v2\/types\/product"}],"replies":[{"embeddable":true,"href":"https:\/\/dom-polski.fr\/index.php\/wp-json\/wp\/v2\/comments?post=10135"}],"wp:featuredmedia":[{"embeddable":true,"href":"https:\/\/dom-polski.fr\/index.php\/wp-json\/wp\/v2\/media\/10136"}],"wp:attachment":[{"href":"https:\/\/dom-polski.fr\/index.php\/wp-json\/wp\/v2\/media?parent=10135"}],"curies":[{"name":"wp","href":"https:\/\/api.w.org\/{rel}","templated":true}]}}

Salière et poivrière Pologne

<p><span>Ensemble composé d&rsquo;une salière et d&rsquo;une poivrière décorées d&rsquo;un aigle sur fond de drapeau et d&rsquo;un écu aux couleurs nationales et du mot Polska. Le produit est emballé dans une boîte décorative.</span></p>
<p><span>Hauteur : 9 cm</span></p>

<p>Ensemble composé d&rsquo;une salière et d&rsquo;une poivrière décorées d&rsquo;un aigle sur fond de drapeau et d&rsquo;un écu aux couleurs nationales et du mot Polska. Le produit est emballé dans une boîte <a class="more-link" href="https://dom-polski.fr/index.php/product/saliere-et-poivriere-pologne/">Afficher la suite →</a></p>
