{"id":10108,"date":"2023-08-14T10:32:05","date_gmt":"2023-08-14T08:32:05","guid":{"rendered":"https:\/\/dom-polski.fr\/?post_type=product&#038;p=10108"},"modified":"2025-01-05T21:13:14","modified_gmt":"2025-01-05T20:13:14","slug":"cornichons-au-chili-500-g-krakus","status":"publish","type":"product","link":"https:\/\/dom-polski.fr\/index.php\/product\/cornichons-au-chili-500-g-krakus\/","title":{"rendered":"Cornichons au chili 500 g Krakus"},"content":{"rendered":"<p>Les cornichons au piment sont une nouvelle forme \u00e9pic\u00e9e de concombres marin\u00e9s.\u00a0Ils sont fabriqu\u00e9s uniquement \u00e0 partir de concombres frais et jeunes.\u00a0Les concombres Krakus se distinguent par leur croquant et leur go\u00fbt sucr\u00e9-\u00e9pic\u00e9.\u00a0Ils le doivent \u00e0 une saumure sp\u00e9ciale avec une composition sp\u00e9ciale d&rsquo;\u00e9pices et de piment exceptionnellement piquant.\u00a0Les cornichons au piment sont une collation id\u00e9ale et un compl\u00e9ment aux plats, ainsi que l&rsquo;ingr\u00e9dient de base des cornichons et des additifs pour barbecue.<\/p>\n","protected":false},"excerpt":{"rendered":"<p>Ingr\u00e9dients : Concombres, vinaigre d&rsquo;alcool, sucre, sel, piments forts (1,8 %), \u00e9pices (dont moutarde).<br \/>\nPoids : 500 g<br \/>\nMarque : Krakus <a class=\"more-link\" href=\"https:\/\/dom-polski.fr\/index.php\/product\/cornichons-au-chili-500-g-krakus\/\">Afficher la suite \u2192<\/a><\/p>\n","protected":false},"featured_media":10109,"comment_status":"open","ping_status":"closed","template":"","meta":{"spay_email":"","jetpack_publicize_message":"","jetpack_is_tweetstorm":false},"aioseo_notices":[],"jetpack_publicize_connections":[],"jetpack_likes_enabled":false,"_links":{"self":[{"href":"https:\/\/dom-polski.fr\/index.php\/wp-json\/wp\/v2\/product\/10108"}],"collection":[{"href":"https:\/\/dom-polski.fr\/index.php\/wp-json\/wp\/v2\/product"}],"about":[{"href":"https:\/\/dom-polski.fr\/index.php\/wp-json\/wp\/v2\/types\/product"}],"replies":[{"embeddable":true,"href":"https:\/\/dom-polski.fr\/index.php\/wp-json\/wp\/v2\/comments?post=10108"}],"wp:featuredmedia":[{"embeddable":true,"href":"https:\/\/dom-polski.fr\/index.php\/wp-json\/wp\/v2\/media\/10109"}],"wp:attachment":[{"href":"https:\/\/dom-polski.fr\/index.php\/wp-json\/wp\/v2\/media?parent=10108"}],"curies":[{"name":"wp","href":"https:\/\/api.w.org\/{rel}","templated":true}]}}