{"id":10064,"date":"2023-08-13T16:33:37","date_gmt":"2023-08-13T14:33:37","guid":{"rendered":"https:\/\/dom-polski.fr\/?post_type=product&#038;p=10064"},"modified":"2025-09-14T17:29:26","modified_gmt":"2025-09-14T15:29:26","slug":"golabki-staropolska-700-g","status":"publish","type":"product","link":"https:\/\/dom-polski.fr\/index.php\/product\/golabki-staropolska-700-g\/","title":{"rendered":"Golabki Staropolska 700 g"},"content":{"rendered":"<p>Le chou farci \u00e0 la sauce tomate est une id\u00e9e parfaite pour pr\u00e9parer un repas rapide et tr\u00e8s savoureux pour toute la famille.\u00a0Du chou farci \u00e0 base de viande juteuse combin\u00e9 \u00e0 une sauce tomate savoureuse et aromatique et \u00e0 une composition d&rsquo;\u00e9pices sp\u00e9cialement s\u00e9lectionn\u00e9e font que le go\u00fbt du plat reste longtemps dans votre m\u00e9moire.<\/p>\n","protected":false},"excerpt":{"rendered":"<p>Ingr\u00e9dients : Eau, chou blanc 31 %, riz 11 %, oignon frit (oignon, graisse de porc), viande de dinde s\u00e9par\u00e9e m\u00e9caniquement 5 %, viande de porc 4 %, concentr\u00e9 de tomate 2 %, carotte, farine de bl\u00e9, amidon modifi\u00e9, ar\u00f4mes (contient du lait) , sel, glucose, \u00e9pices (contient du c\u00e9leri), sucre, poudre de tomate, l\u00e9gumes s\u00e9ch\u00e9s (carotte, persil), extrait de levure, exhausteur de go\u00fbt (5&prime;-ribonucl\u00e9otides disodiques), extraits d&rsquo;\u00e9pices <a class=\"more-link\" href=\"https:\/\/dom-polski.fr\/index.php\/product\/golabki-staropolska-700-g\/\">Afficher la suite \u2192<\/a><\/p>\n","protected":false},"featured_media":10065,"comment_status":"open","ping_status":"closed","template":"","meta":{"spay_email":"","jetpack_publicize_message":"","jetpack_is_tweetstorm":false},"aioseo_notices":[],"jetpack_publicize_connections":[],"jetpack_likes_enabled":false,"_links":{"self":[{"href":"https:\/\/dom-polski.fr\/index.php\/wp-json\/wp\/v2\/product\/10064"}],"collection":[{"href":"https:\/\/dom-polski.fr\/index.php\/wp-json\/wp\/v2\/product"}],"about":[{"href":"https:\/\/dom-polski.fr\/index.php\/wp-json\/wp\/v2\/types\/product"}],"replies":[{"embeddable":true,"href":"https:\/\/dom-polski.fr\/index.php\/wp-json\/wp\/v2\/comments?post=10064"}],"wp:featuredmedia":[{"embeddable":true,"href":"https:\/\/dom-polski.fr\/index.php\/wp-json\/wp\/v2\/media\/10065"}],"wp:attachment":[{"href":"https:\/\/dom-polski.fr\/index.php\/wp-json\/wp\/v2\/media?parent=10064"}],"curies":[{"name":"wp","href":"https:\/\/api.w.org\/{rel}","templated":true}]}}