{"id":10000,"date":"2023-07-27T14:56:58","date_gmt":"2023-07-27T12:56:58","guid":{"rendered":"https:\/\/dom-polski.fr\/?post_type=product&#038;p=10000"},"modified":"2023-07-27T14:56:59","modified_gmt":"2023-07-27T12:56:59","slug":"chale-a-carreaux-bleu","status":"publish","type":"product","link":"https:\/\/dom-polski.fr\/index.php\/product\/chale-a-carreaux-bleu\/","title":{"rendered":"Ch\u00e2le \u00e0 carreaux bleu"},"content":{"rendered":"<p><span>ARAFATKS \u00e0 la mode dans de belles couleurs vives.\u00a0Nos \u00e9charpes sont douces, agr\u00e9ables au toucher, et surtout, elles sont en viscose de bonne qualit\u00e9.<br \/>\n<\/span><span>Le ch\u00e2le a des franges sur deux c\u00f4t\u00e9s et les coins sont finis avec des tresses tress\u00e9es.<br \/>\n<\/span><span>Les foulards sont r\u00e9versibles, ne se teignent pas, \u00e0 porter toute l&rsquo;ann\u00e9e, que ce soit sur la t\u00eate ou autour du cou, parfaits pour toutes les tenues.<br \/>\n<\/span><span>Les couleurs vives rendent nos foulards tr\u00e8s flatteurs.<br \/>\n<\/span>Caract\u00e9ristiques du produit :<br \/>\nCouleur :\u00a0\u00a0Noir et bleu<br \/>\nDimensions foulard : \u00a0100 cm x 100 cm (+\/- 2 cm)<br \/>\nMati\u00e8re :<span> \u00a0100 % Viscose<\/span><\/p>\n","protected":false},"excerpt":{"rendered":"<p>ARAFATKS \u00e0 la mode dans de belles couleurs vives.\u00a0Nos \u00e9charpes sont douces, agr\u00e9ables au toucher, et surtout, elles sont en viscose de bonne qualit\u00e9. Le ch\u00e2le a des franges sur <a class=\"more-link\" href=\"https:\/\/dom-polski.fr\/index.php\/product\/chale-a-carreaux-bleu\/\">Afficher la suite \u2192<\/a><\/p>\n","protected":false},"featured_media":10001,"comment_status":"open","ping_status":"closed","template":"","meta":{"spay_email":"","jetpack_publicize_message":"","jetpack_is_tweetstorm":false},"aioseo_notices":[],"jetpack_publicize_connections":[],"jetpack_likes_enabled":false,"_links":{"self":[{"href":"https:\/\/dom-polski.fr\/index.php\/wp-json\/wp\/v2\/product\/10000"}],"collection":[{"href":"https:\/\/dom-polski.fr\/index.php\/wp-json\/wp\/v2\/product"}],"about":[{"href":"https:\/\/dom-polski.fr\/index.php\/wp-json\/wp\/v2\/types\/product"}],"replies":[{"embeddable":true,"href":"https:\/\/dom-polski.fr\/index.php\/wp-json\/wp\/v2\/comments?post=10000"}],"wp:featuredmedia":[{"embeddable":true,"href":"https:\/\/dom-polski.fr\/index.php\/wp-json\/wp\/v2\/media\/10001"}],"wp:attachment":[{"href":"https:\/\/dom-polski.fr\/index.php\/wp-json\/wp\/v2\/media?parent=10000"}],"curies":[{"name":"wp","href":"https:\/\/api.w.org\/{rel}","templated":true}]}}

Châle à carreaux bleu

<p><span>ARAFATKS à la mode dans de belles couleurs vives. Nos écharpes sont douces, agréables au toucher, et surtout, elles sont en viscose de bonne qualité.<br />
</span><span>Le châle a des franges sur deux côtés et les coins sont finis avec des tresses tressées.<br />
</span><span>Les foulards sont réversibles, ne se teignent pas, à porter toute l&rsquo;année, que ce soit sur la tête ou autour du cou, parfaits pour toutes les tenues.<br />
</span><span>Les couleurs vives rendent nos foulards très flatteurs.<br />
</span>Caractéristiques du produit :<br />
Couleur :  Noir et bleu<br />
Dimensions foulard :  100 cm x 100 cm (+/- 2 cm)<br />
Matière :<span>  100 % Viscose</span></p>

<p>ARAFATKS à la mode dans de belles couleurs vives. Nos écharpes sont douces, agréables au toucher, et surtout, elles sont en viscose de bonne qualité. Le châle a des franges sur <a class="more-link" href="https://dom-polski.fr/index.php/product/chale-a-carreaux-bleu/">Afficher la suite →</a></p>
