{"id":76,"date":"2018-01-19T17:39:54","date_gmt":"2018-01-19T16:39:54","guid":{"rendered":"https:\/\/polskamania.000webhostapp.com\/?page_id=76"},"modified":"2018-08-01T11:30:01","modified_gmt":"2018-08-01T09:30:01","slug":"qui-sommes-nous","status":"publish","type":"page","link":"https:\/\/dom-polski.fr\/index.php\/qui-sommes-nous\/","title":{"rendered":"Qui sommes-nous ?"},"content":{"rendered":"<p><strong><img loading=\"lazy\" class=\"size-medium wp-image-322 alignleft\" src=\"http:\/\/dom-polski.fr\/wp-content\/uploads\/2018\/02\/Logo-Dom-Polski-01-Copier-300x154.jpg\" alt=\"\" width=\"300\" height=\"154\" \/>Le magasin polonais \u00ab\u00a0Dom Polski\u00a0\u00bb de vente de produits alimentaires, gastronomiques, culturels et artisanaux, explique \u00e0 la fois les raisons de la cr\u00e9ation d\u2019un site internet de vente en ligne, les besoins et les attentes de la client\u00e8le, ainsi que les aspects culturels sur la vie quotidienne des personnes r\u00e9sidant en France et disposant ainsi de l\u2019opportunit\u00e9 de consommer des produits polonais.<\/strong><\/p>\n<p><strong>\u00a0<\/strong><strong>Avant de lancer votre projet, avez-vous lanc\u00e9 une \u00e9tude particuli\u00e8re\u00a0?<\/strong><\/p>\n<p><em>\u00ab\u00a0J\u2019ai rencontr\u00e9 de nombreux Polonais, je n\u2019ai donc pas fait d\u2019\u00e9tude de march\u00e9 dans le sens exact du terme mais j\u2019ai senti qu\u2019il y avait de leur part une grande demande de produits polonais.\u00a0J&rsquo;ai donc ouvert un magasin polonais en ligne en octobre 2009. \u00bb<\/em><\/p>\n<p><strong>Qui sont g\u00e9n\u00e9ralement vos clients\u00a0? Des particuliers, des associations, des entreprises\u00a0?<\/strong><\/p>\n<p><em>\u00ab\u00a0La plupart de mes clients sont des particuliers m\u00eame si parfois certains associations font appel \u00e0 moi. Au d\u00e9but, la client\u00e8le du magasin \u00e9tait constitu\u00e9e uniquement de Polonais mais petit \u00e0 petit les autres gens ont commenc\u00e9 \u00e0 venir dans ma boutique et il y a des Fran\u00e7ais qui n\u2019ont jamais mis les pieds en Pologne et qui viennent r\u00e9guli\u00e8rement faire leurs courses ici. J\u2019ai aussi constat\u00e9 que de nombreux Fran\u00e7ais qui ont pass\u00e9 leurs vacances en Pologne et qui ont beaucoup appr\u00e9ci\u00e9 notre cuisine durant leur voyage, une fois de retour en France, viennent ici pour acheter ce qu\u2019ils ont mang\u00e9 pendant leurs vacances.\u00a0\u00bb<\/em><\/p>\n<p><strong>Vous arrivent-ils de recevoir diverses demandes en conseil pour r\u00e9aliser des plats polonais que certains francophones d\u00e9sirent r\u00e9aliser pour une premi\u00e8re exp\u00e9rience culinaire polonaise\u00a0?<\/strong><\/p>\n<p>\u00ab<em>\u00a0En effet, lorsqu\u2019ils viennent pour la premi\u00e8re fois, mes clients francophones me demandent souvent des conseils pour pr\u00e9parer leurs plats. J\u2019ai souvent des clients d\u2019origine polonaise qui se souviennent seulement qu\u2019autrefois leur grand-m\u00e8re leur pr\u00e9parait un certain plat qu\u2019ils n\u2019ont pas mang\u00e9 depuis des ann\u00e9es et alors ensemble nous essayons de trouver ce que cela pouvait \u00eatre et comment le pr\u00e9parer aujourd\u2019hui. Concernant les clients polonais, ils me disent toujours ce qu\u2019ils souhaiteraient trouver dans ma boutique et si je constate qu\u2019un produit est tr\u00e8s demand\u00e9, alors j\u2019essaie de le faire venir de Pologne.\u00a0\u00bb<\/em><\/p>\n<p><strong>Quels sont les produits g\u00e9n\u00e9ralement les plus appr\u00e9ci\u00e9s par les Fran\u00e7ais\u00a0? Voir par tout autre ressortissant non Polonais, qui viennent fr\u00e9quemment dans votre magasin polonais\u00a0? Quelles types de commandes sont souvent les plus effectu\u00e9es, sur quels types de produits\u00a0?<\/strong><\/p>\n<p><em>\u00ab\u00a0J\u2019ai remarqu\u00e9 que les Fran\u00e7ais aiment tout particuli\u00e8rement les charcuteries polonaises, certains ach\u00e8tent parfois plusieurs kilos, certains d\u2019entre eux reviennent pour nos \u00e9quipements sportifs ou encore l\u2019ambre polonais.\u00a0\u00bb<\/em><\/p>\n<p><strong>A travers vos clients, y voyez-vous une lign\u00e9e de g\u00e9n\u00e9rations polonaises qui tendent \u00e0 pr\u00e9server leurs traditions d\u2019origines avec la Pologne\u00a0? Quelque part, ne pensez-vous pas que votre magasin polonais sert \u00e0 r\u00e9duire la distance entre la France et la Pologne\u00a0?<\/strong><\/p>\n<p><em>\u00ab\u00a0Je ne sais pas. L\u2019Europe n\u2019est pas tr\u00e8s grande. Varsovie est \u00e0 heure trente d\u2019avion mais c\u2019est vrai que mon magasin polonais a certainement fait d\u00e9couvrir la gastronomie polonaise \u00e0 mes clients Fran\u00e7ais ou d\u2019origine polonaise.\u00a0\u00bb<\/em><\/p>\n<p><em>\u00a0<\/em><strong>Comment se porte le march\u00e9 en ces temps de crise \u00e9conomique g\u00e9n\u00e9ralis\u00e9e\u00a0? Observez-vous une baisse de la fr\u00e9quentation au niveau des demandes\u00a0?<\/strong><\/p>\n<p><em>\u00ab\u00a0Je n\u2019ai pas observ\u00e9 de baisse de fr\u00e9quentation. R\u00e9guli\u00e8rement, des r\u00e9ductions sont propos\u00e9es aux clients.\u00a0\u00bb<\/em><\/p>\n","protected":false},"excerpt":{"rendered":"<p>Le magasin polonais \u00ab\u00a0Dom Polski\u00a0\u00bb de vente de produits alimentaires, gastronomiques, culturels et artisanaux, explique \u00e0 la fois les raisons de la cr\u00e9ation d\u2019un site internet de vente en ligne, <a class=\"more-link\" href=\"https:\/\/dom-polski.fr\/index.php\/qui-sommes-nous\/\">Afficher la suite \u2192<\/a><\/p>\n","protected":false},"author":1,"featured_media":0,"parent":0,"menu_order":0,"comment_status":"closed","ping_status":"closed","template":"","meta":{"spay_email":""},"aioseo_notices":[],"jetpack_shortlink":"https:\/\/wp.me\/P9CwUv-1e","jetpack_likes_enabled":false,"_links":{"self":[{"href":"https:\/\/dom-polski.fr\/index.php\/wp-json\/wp\/v2\/pages\/76"}],"collection":[{"href":"https:\/\/dom-polski.fr\/index.php\/wp-json\/wp\/v2\/pages"}],"about":[{"href":"https:\/\/dom-polski.fr\/index.php\/wp-json\/wp\/v2\/types\/page"}],"author":[{"embeddable":true,"href":"https:\/\/dom-polski.fr\/index.php\/wp-json\/wp\/v2\/users\/1"}],"replies":[{"embeddable":true,"href":"https:\/\/dom-polski.fr\/index.php\/wp-json\/wp\/v2\/comments?post=76"}],"version-history":[{"count":3,"href":"https:\/\/dom-polski.fr\/index.php\/wp-json\/wp\/v2\/pages\/76\/revisions"}],"predecessor-version":[{"id":1128,"href":"https:\/\/dom-polski.fr\/index.php\/wp-json\/wp\/v2\/pages\/76\/revisions\/1128"}],"wp:attachment":[{"href":"https:\/\/dom-polski.fr\/index.php\/wp-json\/wp\/v2\/media?parent=76"}],"curies":[{"name":"wp","href":"https:\/\/api.w.org\/{rel}","templated":true}]}}

<p><strong><img loading="lazy" class="size-medium wp-image-322 alignleft" src="http://dom-polski.fr/wp-content/uploads/2018/02/Logo-Dom-Polski-01-Copier-300x154.jpg" alt="" width="300" height="154" />Le magasin polonais « Dom Polski » de vente de produits alimentaires, gastronomiques, culturels et artisanaux, explique à la fois les raisons de la création d’un site internet de vente en ligne, les besoins et les attentes de la clientèle, ainsi que les aspects culturels sur la vie quotidienne des personnes résidant en France et disposant ainsi de l’opportunité de consommer des produits polonais.</strong></p>
<p><strong> </strong><strong>Avant de lancer votre projet, avez-vous lancé une étude particulière ?</strong></p>
<p><em>« J’ai rencontré de nombreux Polonais, je n’ai donc pas fait d’étude de marché dans le sens exact du terme mais j’ai senti qu’il y avait de leur part une grande demande de produits polonais. J&rsquo;ai donc ouvert un magasin polonais en ligne en octobre 2009. »</em></p>
<p><strong>Qui sont généralement vos clients ? Des particuliers, des associations, des entreprises ?</strong></p>
<p><em>« La plupart de mes clients sont des particuliers même si parfois certains associations font appel à moi. Au début, la clientèle du magasin était constituée uniquement de Polonais mais petit à petit les autres gens ont commencé à venir dans ma boutique et il y a des Français qui n’ont jamais mis les pieds en Pologne et qui viennent régulièrement faire leurs courses ici. J’ai aussi constaté que de nombreux Français qui ont passé leurs vacances en Pologne et qui ont beaucoup apprécié notre cuisine durant leur voyage, une fois de retour en France, viennent ici pour acheter ce qu’ils ont mangé pendant leurs vacances. »</em></p>
<p><strong>Vous arrivent-ils de recevoir diverses demandes en conseil pour réaliser des plats polonais que certains francophones désirent réaliser pour une première expérience culinaire polonaise ?</strong></p>
<p>«<em> En effet, lorsqu’ils viennent pour la première fois, mes clients francophones me demandent souvent des conseils pour préparer leurs plats. J’ai souvent des clients d’origine polonaise qui se souviennent seulement qu’autrefois leur grand-mère leur préparait un certain plat qu’ils n’ont pas mangé depuis des années et alors ensemble nous essayons de trouver ce que cela pouvait être et comment le préparer aujourd’hui. Concernant les clients polonais, ils me disent toujours ce qu’ils souhaiteraient trouver dans ma boutique et si je constate qu’un produit est très demandé, alors j’essaie de le faire venir de Pologne. »</em></p>
<p><strong>Quels sont les produits généralement les plus appréciés par les Français ? Voir par tout autre ressortissant non Polonais, qui viennent fréquemment dans votre magasin polonais ? Quelles types de commandes sont souvent les plus effectuées, sur quels types de produits ?</strong></p>
<p><em>« J’ai remarqué que les Français aiment tout particulièrement les charcuteries polonaises, certains achètent parfois plusieurs kilos, certains d’entre eux reviennent pour nos équipements sportifs ou encore l’ambre polonais. »</em></p>
<p><strong>A travers vos clients, y voyez-vous une lignée de générations polonaises qui tendent à préserver leurs traditions d’origines avec la Pologne ? Quelque part, ne pensez-vous pas que votre magasin polonais sert à réduire la distance entre la France et la Pologne ?</strong></p>
<p><em>« Je ne sais pas. L’Europe n’est pas très grande. Varsovie est à heure trente d’avion mais c’est vrai que mon magasin polonais a certainement fait découvrir la gastronomie polonaise à mes clients Français ou d’origine polonaise. »</em></p>
<p><em> </em><strong>Comment se porte le marché en ces temps de crise économique généralisée ? Observez-vous une baisse de la fréquentation au niveau des demandes ?</strong></p>
<p><em>« Je n’ai pas observé de baisse de fréquentation. Régulièrement, des réductions sont proposées aux clients. »</em></p>

<p>Le magasin polonais « Dom Polski » de vente de produits alimentaires, gastronomiques, culturels et artisanaux, explique à la fois les raisons de la création d’un site internet de vente en ligne, <a class="more-link" href="https://dom-polski.fr/index.php/qui-sommes-nous/">Afficher la suite →</a></p>
